{"id":2800,"date":"2017-11-02T12:53:51","date_gmt":"2017-11-02T12:53:51","guid":{"rendered":"https:\/\/mt.osterwalder-zug.ch\/project\/accessoires-vici\/"},"modified":"2023-10-15T15:32:18","modified_gmt":"2023-10-15T15:32:18","slug":"accessoires-vici","status":"publish","type":"project","link":"https:\/\/mt.osterwalder-zug.ch\/fr\/project\/accessoires-vici\/","title":{"rendered":"Accessoires Vici"},"content":{"rendered":"<p>[et_pb_section fb_built=\u00a0\u00bb1&Prime; fullwidth=\u00a0\u00bbon\u00a0\u00bb custom_padding_last_edited=\u00a0\u00bbon|desktop\u00a0\u00bb _builder_version=\u00a0\u00bb4.16&Prime; background_color=\u00a0\u00bb#ffffff\u00a0\u00bb custom_padding_tablet=\u00a0\u00bb50px|0|50px|0&Prime; custom_padding_phone=\u00a0\u00bb\u00a0\u00bb transparent_background=\u00a0\u00bboff\u00a0\u00bb padding_mobile=\u00a0\u00bboff\u00a0\u00bb make_fullwidth=\u00a0\u00bboff\u00a0\u00bb use_custom_width=\u00a0\u00bboff\u00a0\u00bb width_unit=\u00a0\u00bbon\u00a0\u00bb global_colors_info=\u00a0\u00bb{}\u00a0\u00bb][et_pb_fullwidth_image src=\u00a0\u00bbhttp:\/\/mt.osterwalder-zug.ch\/wp-content\/uploads\/2017\/06\/verlauf-Horiz.png\u00a0\u00bb disabled_on=\u00a0\u00bboff|off|\u00a0\u00bb admin_label=\u00a0\u00bbBild Verlauf \u00a0\u00bb _builder_version=\u00a0\u00bb4.16&Prime; animation_style=\u00a0\u00bbslide\u00a0\u00bb animation_direction=\u00a0\u00bbleft\u00a0\u00bb animation_duration=\u00a0\u00bb500ms\u00a0\u00bb animation_intensity_slide=\u00a0\u00bb10%\u00a0\u00bb use_border_color=\u00a0\u00bboff\u00a0\u00bb border_color=\u00a0\u00bb#ffffff\u00a0\u00bb border_style=\u00a0\u00bbsolid\u00a0\u00bb animation=\u00a0\u00bbleft\u00a0\u00bb global_colors_info=\u00a0\u00bb{}\u00a0\u00bb][\/et_pb_fullwidth_image][\/et_pb_section][et_pb_section fb_built=\u00a0\u00bb1&Prime; admin_label=\u00a0\u00bbsection\u00a0\u00bb _builder_version=\u00a0\u00bb4.16&Prime; global_colors_info=\u00a0\u00bb{}\u00a0\u00bb][et_pb_row _builder_version=\u00a0\u00bb4.16&Prime; parallax=\u00a0\u00bbon\u00a0\u00bb width=\u00a0\u00bb93{c5e6756a5319be4501b688b7571ebb68323b3ba5939e6fcb25c42683677ac0b9}\u00a0\u00bb max_width=\u00a0\u00bb93{c5e6756a5319be4501b688b7571ebb68323b3ba5939e6fcb25c42683677ac0b9}\u00a0\u00bb make_fullwidth=\u00a0\u00bboff\u00a0\u00bb use_custom_width=\u00a0\u00bbon\u00a0\u00bb width_unit=\u00a0\u00bboff\u00a0\u00bb custom_width_percent=\u00a0\u00bb93{c5e6756a5319be4501b688b7571ebb68323b3ba5939e6fcb25c42683677ac0b9}\u00a0\u00bb global_colors_info=\u00a0\u00bb{}\u00a0\u00bb column_structure=\u00a0\u00bb1_4,1_4,1_4,1_4&Prime;][et_pb_column type=\u00a0\u00bb1_4&Prime; _builder_version=\u00a0\u00bb4.16&Prime; custom_padding=\u00a0\u00bb|||\u00a0\u00bb global_colors_info=\u00a0\u00bb{}\u00a0\u00bb custom_padding__hover=\u00a0\u00bb|||\u00a0\u00bb][et_pb_image src=\u00a0\u00bbhttp:\/\/mt.osterwalder-zug.ch\/wp-content\/uploads\/2017\/11\/photo_2018-05-17_13-36-21.jpg\u00a0\u00bb url=\u00a0\u00bbhttp:\/\/mt.osterwalder-zug.ch\/vicivision\u00a0\u00bb align=\u00a0\u00bbcenter\u00a0\u00bb align_tablet=\u00a0\u00bbcenter\u00a0\u00bb align_last_edited=\u00a0\u00bbon|desktop\u00a0\u00bb admin_label=\u00a0\u00bbBild Vici\u00a0\u00bb _builder_version=\u00a0\u00bb4.16&Prime; custom_margin=\u00a0\u00bb20px|||\u00a0\u00bb animation_style=\u00a0\u00bbslide\u00a0\u00bb animation_direction=\u00a0\u00bbleft\u00a0\u00bb animation_duration=\u00a0\u00bb500ms\u00a0\u00bb animation_intensity_slide=\u00a0\u00bb10{c5e6756a5319be4501b688b7571ebb68323b3ba5939e6fcb25c42683677ac0b9}\u00a0\u00bb use_border_color=\u00a0\u00bboff\u00a0\u00bb always_center_on_mobile=\u00a0\u00bbon\u00a0\u00bb global_colors_info=\u00a0\u00bb{}\u00a0\u00bb align_phone=\u00a0\u00bbcenter\u00a0\u00bb][\/et_pb_image][et_pb_text _builder_version=\u00a0\u00bb4.16&Prime; background_size=\u00a0\u00bbinitial\u00a0\u00bb background_position=\u00a0\u00bbtop_left\u00a0\u00bb background_repeat=\u00a0\u00bbrepeat\u00a0\u00bb use_border_color=\u00a0\u00bboff\u00a0\u00bb global_colors_info=\u00a0\u00bb{}\u00a0\u00bb]<\/p>\n<h3>Ensemble de pointe<\/h3>\n<p>De nombreuses options de serrage<br \/>\n[\/et_pb_text][\/et_pb_column][et_pb_column type=\u00a0\u00bb1_4&Prime; _builder_version=\u00a0\u00bb4.16&Prime; custom_padding=\u00a0\u00bb|||\u00a0\u00bb global_colors_info=\u00a0\u00bb{}\u00a0\u00bb custom_padding__hover=\u00a0\u00bb|||\u00a0\u00bb][et_pb_image src=\u00a0\u00bbhttp:\/\/mt.osterwalder-zug.ch\/wp-content\/uploads\/2017\/11\/photo_2018-05-17_09-36-55klein.jpg\u00a0\u00bb url=\u00a0\u00bbhttp:\/\/mt.osterwalder-zug.ch\/vicivision\u00a0\u00bb align_tablet=\u00a0\u00bbcenter\u00a0\u00bb align_last_edited=\u00a0\u00bbon|desktop\u00a0\u00bb admin_label=\u00a0\u00bbBild Vici\u00a0\u00bb _builder_version=\u00a0\u00bb4.16&Prime; custom_margin=\u00a0\u00bb20px|||\u00a0\u00bb animation_style=\u00a0\u00bbslide\u00a0\u00bb animation_direction=\u00a0\u00bbleft\u00a0\u00bb animation_duration=\u00a0\u00bb500ms\u00a0\u00bb animation_intensity_slide=\u00a0\u00bb10{c5e6756a5319be4501b688b7571ebb68323b3ba5939e6fcb25c42683677ac0b9}\u00a0\u00bb use_border_color=\u00a0\u00bboff\u00a0\u00bb always_center_on_mobile=\u00a0\u00bbon\u00a0\u00bb global_colors_info=\u00a0\u00bb{}\u00a0\u00bb align_phone=\u00a0\u00bbcenter\u00a0\u00bb][\/et_pb_image][et_pb_text _builder_version=\u00a0\u00bb4.16&Prime; background_size=\u00a0\u00bbinitial\u00a0\u00bb background_position=\u00a0\u00bbtop_left\u00a0\u00bb background_repeat=\u00a0\u00bbrepeat\u00a0\u00bb use_border_color=\u00a0\u00bboff\u00a0\u00bb global_colors_info=\u00a0\u00bb{}\u00a0\u00bb]<\/p>\n<h3>Syst\u00e8me de serrage<\/h3>\n<p>Petites pi\u00e8ces sans trous de centrage, serrage rapide<br \/>\n[\/et_pb_text][\/et_pb_column][et_pb_column type=\u00a0\u00bb1_4&Prime; _builder_version=\u00a0\u00bb4.16&Prime; custom_padding=\u00a0\u00bb|||\u00a0\u00bb global_colors_info=\u00a0\u00bb{}\u00a0\u00bb custom_padding__hover=\u00a0\u00bb|||\u00a0\u00bb][et_pb_image src=\u00a0\u00bbhttp:\/\/mt.osterwalder-zug.ch\/wp-content\/uploads\/2017\/11\/photo_2018-05-17_09-37-01Klein.jpg\u00a0\u00bb url=\u00a0\u00bbhttp:\/\/mt.osterwalder-zug.ch\/vicivision\u00a0\u00bb align_tablet=\u00a0\u00bbcenter\u00a0\u00bb align_last_edited=\u00a0\u00bbon|desktop\u00a0\u00bb admin_label=\u00a0\u00bbBild Vici\u00a0\u00bb _builder_version=\u00a0\u00bb4.16&Prime; custom_margin=\u00a0\u00bb20px|||\u00a0\u00bb animation_style=\u00a0\u00bbslide\u00a0\u00bb animation_direction=\u00a0\u00bbleft\u00a0\u00bb animation_duration=\u00a0\u00bb500ms\u00a0\u00bb animation_intensity_slide=\u00a0\u00bb10{c5e6756a5319be4501b688b7571ebb68323b3ba5939e6fcb25c42683677ac0b9}\u00a0\u00bb use_border_color=\u00a0\u00bboff\u00a0\u00bb always_center_on_mobile=\u00a0\u00bbon\u00a0\u00bb global_colors_info=\u00a0\u00bb{}\u00a0\u00bb align_phone=\u00a0\u00bbcenter\u00a0\u00bb][\/et_pb_image][et_pb_text _builder_version=\u00a0\u00bb4.16&Prime; background_size=\u00a0\u00bbinitial\u00a0\u00bb background_position=\u00a0\u00bbtop_left\u00a0\u00bb background_repeat=\u00a0\u00bbrepeat\u00a0\u00bb use_border_color=\u00a0\u00bboff\u00a0\u00bb global_colors_info=\u00a0\u00bb{}\u00a0\u00bb]<\/p>\n<h3>Collet<\/h3>\n<p>Fixez simplement des pi\u00e8ces de <span style=\"font-family: 'Arial',sans-serif;\">\u00d8 0,3<\/span> mm sans les endommage<br \/>\n[\/et_pb_text][\/et_pb_column][et_pb_column type=\u00a0\u00bb1_4&Prime; _builder_version=\u00a0\u00bb4.16&Prime; custom_padding=\u00a0\u00bb|||\u00a0\u00bb global_colors_info=\u00a0\u00bb{}\u00a0\u00bb custom_padding__hover=\u00a0\u00bb|||\u00a0\u00bb][et_pb_image src=\u00a0\u00bbhttp:\/\/mt.osterwalder-zug.ch\/wp-content\/uploads\/2017\/11\/photo_2018-05-17_12-54-09.jpg\u00a0\u00bb url=\u00a0\u00bbhttp:\/\/mt.osterwalder-zug.ch\/vicivision\u00a0\u00bb align_tablet=\u00a0\u00bbcenter\u00a0\u00bb align_last_edited=\u00a0\u00bbon|desktop\u00a0\u00bb admin_label=\u00a0\u00bbBild Vici\u00a0\u00bb _builder_version=\u00a0\u00bb4.16&Prime; custom_margin=\u00a0\u00bb20px|||\u00a0\u00bb animation_style=\u00a0\u00bbslide\u00a0\u00bb animation_direction=\u00a0\u00bbleft\u00a0\u00bb animation_duration=\u00a0\u00bb500ms\u00a0\u00bb animation_intensity_slide=\u00a0\u00bb10{c5e6756a5319be4501b688b7571ebb68323b3ba5939e6fcb25c42683677ac0b9}\u00a0\u00bb use_border_color=\u00a0\u00bboff\u00a0\u00bb always_center_on_mobile=\u00a0\u00bbon\u00a0\u00bb global_colors_info=\u00a0\u00bb{}\u00a0\u00bb align_phone=\u00a0\u00bbcenter\u00a0\u00bb][\/et_pb_image][et_pb_text _builder_version=\u00a0\u00bb4.16&Prime; background_size=\u00a0\u00bbinitial\u00a0\u00bb background_position=\u00a0\u00bbtop_left\u00a0\u00bb background_repeat=\u00a0\u00bbrepeat\u00a0\u00bb use_border_color=\u00a0\u00bboff\u00a0\u00bb global_colors_info=\u00a0\u00bb{}\u00a0\u00bb]<\/p>\n<h3>Mandrin \u00e0 six mors<\/h3>\n<p>Tr\u00e8s facile \u00e0 serrer une large gamme de pi\u00e8ces, en tenant compte du fait que la longueur totale des pi\u00e8ces peut toujours \u00eatre mesur\u00e9e<br \/>\n[\/et_pb_text][\/et_pb_column][\/et_pb_row][\/et_pb_section]<\/p>\n","protected":false},"excerpt":{"rendered":"<p>Ensemble de pointe De nombreuses options de serrage Syst\u00e8me de serrage Petites pi\u00e8ces sans trous de centrage, serrage rapide Collet Fixez simplement des pi\u00e8ces de \u00d8 0,3 mm sans les endommage Mandrin \u00e0 six mors Tr\u00e8s facile \u00e0 serrer une large gamme de pi\u00e8ces, en tenant compte du fait que la longueur totale des pi\u00e8ces [&hellip;]<\/p>\n","protected":false},"author":2,"featured_media":0,"comment_status":"closed","ping_status":"closed","template":"","meta":{"_et_pb_use_builder":"on","_et_pb_old_content":"","_et_gb_content_width":"","footnotes":""},"project_category":[35],"project_tag":[],"class_list":["post-2800","project","type-project","status-publish","hentry","project_category-vici-fr"],"_links":{"self":[{"href":"https:\/\/mt.osterwalder-zug.ch\/fr\/wp-json\/wp\/v2\/project\/2800","targetHints":{"allow":["GET"]}}],"collection":[{"href":"https:\/\/mt.osterwalder-zug.ch\/fr\/wp-json\/wp\/v2\/project"}],"about":[{"href":"https:\/\/mt.osterwalder-zug.ch\/fr\/wp-json\/wp\/v2\/types\/project"}],"author":[{"embeddable":true,"href":"https:\/\/mt.osterwalder-zug.ch\/fr\/wp-json\/wp\/v2\/users\/2"}],"replies":[{"embeddable":true,"href":"https:\/\/mt.osterwalder-zug.ch\/fr\/wp-json\/wp\/v2\/comments?post=2800"}],"version-history":[{"count":2,"href":"https:\/\/mt.osterwalder-zug.ch\/fr\/wp-json\/wp\/v2\/project\/2800\/revisions"}],"predecessor-version":[{"id":2802,"href":"https:\/\/mt.osterwalder-zug.ch\/fr\/wp-json\/wp\/v2\/project\/2800\/revisions\/2802"}],"wp:attachment":[{"href":"https:\/\/mt.osterwalder-zug.ch\/fr\/wp-json\/wp\/v2\/media?parent=2800"}],"wp:term":[{"taxonomy":"project_category","embeddable":true,"href":"https:\/\/mt.osterwalder-zug.ch\/fr\/wp-json\/wp\/v2\/project_category?post=2800"},{"taxonomy":"project_tag","embeddable":true,"href":"https:\/\/mt.osterwalder-zug.ch\/fr\/wp-json\/wp\/v2\/project_tag?post=2800"}],"curies":[{"name":"wp","href":"https:\/\/api.w.org\/{rel}","templated":true}]}}

<p>[et_pb_section fb_built= »1&Prime; fullwidth= »on » custom_padding_last_edited= »on|desktop » _builder_version= »4.16&Prime; background_color= »#ffffff » custom_padding_tablet= »50px|0|50px|0&Prime; custom_padding_phone= » » transparent_background= »off » padding_mobile= »off » make_fullwidth= »off » use_custom_width= »off » width_unit= »on » global_colors_info= »{} »][et_pb_fullwidth_image src= »http://mt.osterwalder-zug.ch/wp-content/uploads/2017/06/verlauf-Horiz.png » disabled_on= »off|off| » admin_label= »Bild Verlauf  » _builder_version= »4.16&Prime; animation_style= »slide » animation_direction= »left » animation_duration= »500ms » animation_intensity_slide= »10% » use_border_color= »off » border_color= »#ffffff » border_style= »solid » animation= »left » global_colors_info= »{} »][/et_pb_fullwidth_image][/et_pb_section][et_pb_section fb_built= »1&Prime; admin_label= »section » _builder_version= »4.16&Prime; global_colors_info= »{} »][et_pb_row _builder_version= »4.16&Prime; parallax= »on » width= »93{c5e6756a5319be4501b688b7571ebb68323b3ba5939e6fcb25c42683677ac0b9} » max_width= »93{c5e6756a5319be4501b688b7571ebb68323b3ba5939e6fcb25c42683677ac0b9} » make_fullwidth= »off » use_custom_width= »on » width_unit= »off » custom_width_percent= »93{c5e6756a5319be4501b688b7571ebb68323b3ba5939e6fcb25c42683677ac0b9} » global_colors_info= »{} » column_structure= »1_4,1_4,1_4,1_4&Prime;][et_pb_column type= »1_4&Prime; _builder_version= »4.16&Prime; custom_padding= »||| » global_colors_info= »{} » custom_padding__hover= »||| »][et_pb_image src= »http://mt.osterwalder-zug.ch/wp-content/uploads/2017/11/photo_2018-05-17_13-36-21.jpg » url= »http://mt.osterwalder-zug.ch/vicivision » align= »center » align_tablet= »center » align_last_edited= »on|desktop » admin_label= »Bild Vici » _builder_version= »4.16&Prime; custom_margin= »20px||| » animation_style= »slide » animation_direction= »left » animation_duration= »500ms » animation_intensity_slide= »10{c5e6756a5319be4501b688b7571ebb68323b3ba5939e6fcb25c42683677ac0b9} » use_border_color= »off » always_center_on_mobile= »on » global_colors_info= »{} » align_phone= »center »][/et_pb_image][et_pb_text _builder_version= »4.16&Prime; background_size= »initial » background_position= »top_left » background_repeat= »repeat » use_border_color= »off » global_colors_info= »{} »]</p>
<h3>Ensemble de pointe</h3>
<p>De nombreuses options de serrage<br />
[/et_pb_text][/et_pb_column][et_pb_column type= »1_4&Prime; _builder_version= »4.16&Prime; custom_padding= »||| » global_colors_info= »{} » custom_padding__hover= »||| »][et_pb_image src= »http://mt.osterwalder-zug.ch/wp-content/uploads/2017/11/photo_2018-05-17_09-36-55klein.jpg » url= »http://mt.osterwalder-zug.ch/vicivision » align_tablet= »center » align_last_edited= »on|desktop » admin_label= »Bild Vici » _builder_version= »4.16&Prime; custom_margin= »20px||| » animation_style= »slide » animation_direction= »left » animation_duration= »500ms » animation_intensity_slide= »10{c5e6756a5319be4501b688b7571ebb68323b3ba5939e6fcb25c42683677ac0b9} » use_border_color= »off » always_center_on_mobile= »on » global_colors_info= »{} » align_phone= »center »][/et_pb_image][et_pb_text _builder_version= »4.16&Prime; background_size= »initial » background_position= »top_left » background_repeat= »repeat » use_border_color= »off » global_colors_info= »{} »]</p>
<h3>Système de serrage</h3>
<p>Petites pièces sans trous de centrage, serrage rapide<br />
[/et_pb_text][/et_pb_column][et_pb_column type= »1_4&Prime; _builder_version= »4.16&Prime; custom_padding= »||| » global_colors_info= »{} » custom_padding__hover= »||| »][et_pb_image src= »http://mt.osterwalder-zug.ch/wp-content/uploads/2017/11/photo_2018-05-17_09-37-01Klein.jpg » url= »http://mt.osterwalder-zug.ch/vicivision » align_tablet= »center » align_last_edited= »on|desktop » admin_label= »Bild Vici » _builder_version= »4.16&Prime; custom_margin= »20px||| » animation_style= »slide » animation_direction= »left » animation_duration= »500ms » animation_intensity_slide= »10{c5e6756a5319be4501b688b7571ebb68323b3ba5939e6fcb25c42683677ac0b9} » use_border_color= »off » always_center_on_mobile= »on » global_colors_info= »{} » align_phone= »center »][/et_pb_image][et_pb_text _builder_version= »4.16&Prime; background_size= »initial » background_position= »top_left » background_repeat= »repeat » use_border_color= »off » global_colors_info= »{} »]</p>
<h3>Collet</h3>
<p>Fixez simplement des pièces de <span style="font-family: 'Arial',sans-serif;">Ø 0,3</span> mm sans les endommage<br />
[/et_pb_text][/et_pb_column][et_pb_column type= »1_4&Prime; _builder_version= »4.16&Prime; custom_padding= »||| » global_colors_info= »{} » custom_padding__hover= »||| »][et_pb_image src= »http://mt.osterwalder-zug.ch/wp-content/uploads/2017/11/photo_2018-05-17_12-54-09.jpg » url= »http://mt.osterwalder-zug.ch/vicivision » align_tablet= »center » align_last_edited= »on|desktop » admin_label= »Bild Vici » _builder_version= »4.16&Prime; custom_margin= »20px||| » animation_style= »slide » animation_direction= »left » animation_duration= »500ms » animation_intensity_slide= »10{c5e6756a5319be4501b688b7571ebb68323b3ba5939e6fcb25c42683677ac0b9} » use_border_color= »off » always_center_on_mobile= »on » global_colors_info= »{} » align_phone= »center »][/et_pb_image][et_pb_text _builder_version= »4.16&Prime; background_size= »initial » background_position= »top_left » background_repeat= »repeat » use_border_color= »off » global_colors_info= »{} »]</p>
<h3>Mandrin à six mors</h3>
<p>Très facile à serrer une large gamme de pièces, en tenant compte du fait que la longueur totale des pièces peut toujours être mesurée<br />
[/et_pb_text][/et_pb_column][/et_pb_row][/et_pb_section]</p>

<p>Ensemble de pointe De nombreuses options de serrage Système de serrage Petites pièces sans trous de centrage, serrage rapide Collet Fixez simplement des pièces de Ø 0,3 mm sans les endommage Mandrin à six mors Très facile à serrer une large gamme de pièces, en tenant compte du fait que la longueur totale des pièces [&hellip;]</p>
