{"id":3458,"date":"2026-01-27T08:51:43","date_gmt":"2026-01-27T08:51:43","guid":{"rendered":"https:\/\/mt.osterwalder-zug.ch\/?page_id=3458"},"modified":"2026-02-04T09:18:18","modified_gmt":"2026-02-04T09:18:18","slug":"polytec","status":"publish","type":"page","link":"https:\/\/mt.osterwalder-zug.ch\/fr\/polytec\/","title":{"rendered":"Polytec"},"content":{"rendered":"<p>[et_pb_section fb_built=\u00a0\u00bb1&Prime; fullwidth=\u00a0\u00bbon\u00a0\u00bb custom_padding_last_edited=\u00a0\u00bbon|desktop\u00a0\u00bb _builder_version=\u00a0\u00bb4.16&Prime; background_color=\u00a0\u00bb#ffffff\u00a0\u00bb custom_padding_tablet=\u00a0\u00bb50px|0|50px|0&Prime; custom_padding_phone=\u00a0\u00bb\u00a0\u00bb transparent_background=\u00a0\u00bboff\u00a0\u00bb padding_mobile=\u00a0\u00bboff\u00a0\u00bb make_fullwidth=\u00a0\u00bboff\u00a0\u00bb use_custom_width=\u00a0\u00bboff\u00a0\u00bb width_unit=\u00a0\u00bbon\u00a0\u00bb global_colors_info=\u00a0\u00bb{}\u00a0\u00bb][et_pb_fullwidth_image src=\u00a0\u00bbhttps:\/\/mt.osterwalder-zug.ch\/wp-content\/uploads\/2017\/06\/verlauf-Horiz.png\u00a0\u00bb disabled_on=\u00a0\u00bboff|off|\u00a0\u00bb admin_label=\u00a0\u00bbBild Verlauf \u00a0\u00bb _builder_version=\u00a0\u00bb4.16&Prime; animation_style=\u00a0\u00bbslide\u00a0\u00bb animation_direction=\u00a0\u00bbleft\u00a0\u00bb animation_duration=\u00a0\u00bb500ms\u00a0\u00bb animation_intensity_slide=\u00a0\u00bb10%\u00a0\u00bb animation=\u00a0\u00bbleft\u00a0\u00bb use_border_color=\u00a0\u00bboff\u00a0\u00bb border_color=\u00a0\u00bb#ffffff\u00a0\u00bb border_style=\u00a0\u00bbsolid\u00a0\u00bb global_colors_info=\u00a0\u00bb{}\u00a0\u00bb][\/et_pb_fullwidth_image][\/et_pb_section][et_pb_section fb_built=\u00a0\u00bb1&Prime; admin_label=\u00a0\u00bbsection\u00a0\u00bb _builder_version=\u00a0\u00bb4.16&Prime; global_colors_info=\u00a0\u00bb{}\u00a0\u00bb][et_pb_row column_structure=\u00a0\u00bb1_3,1_3,1_3&Prime; admin_label=\u00a0\u00bbrow\u00a0\u00bb _builder_version=\u00a0\u00bb4.16&Prime; background_size=\u00a0\u00bbinitial\u00a0\u00bb background_position=\u00a0\u00bbtop_left\u00a0\u00bb background_repeat=\u00a0\u00bbrepeat\u00a0\u00bb global_colors_info=\u00a0\u00bb{}\u00a0\u00bb][et_pb_column type=\u00a0\u00bb1_3&Prime; _builder_version=\u00a0\u00bb4.16&Prime; custom_padding=\u00a0\u00bb|||\u00a0\u00bb global_colors_info=\u00a0\u00bb{}\u00a0\u00bb custom_padding__hover=\u00a0\u00bb|||\u00a0\u00bb][et_pb_image src=\u00a0\u00bbhttps:\/\/mt.osterwalder-zug.ch\/wp-content\/uploads\/2026\/01\/TMS-1400_Topmap-MicroView.jpg\u00a0\u00bb title_text=\u00a0\u00bbTopMap MicoView\u00a0\u00bb url=\u00a0\u00bb@ET-DC@eyJkeW5hbWljIjp0cnVlLCJjb250ZW50IjoicG9zdF9saW5rX3VybF9wcm9qZWN0Iiwic2V0dGluZ3MiOnsicG9zdF9pZCI6IjM0NjYifX0=@\u00a0\u00bb align=\u00a0\u00bbcenter\u00a0\u00bb align_tablet=\u00a0\u00bbcenter\u00a0\u00bb align_phone=\u00a0\u00bbcenter\u00a0\u00bb align_last_edited=\u00a0\u00bbon|desktop\u00a0\u00bb _builder_version=\u00a0\u00bb4.27.5&Prime; _dynamic_attributes=\u00a0\u00bburl\u00a0\u00bb custom_margin=\u00a0\u00bb63px||45px|||\u00a0\u00bb animation_style=\u00a0\u00bbslide\u00a0\u00bb animation_direction=\u00a0\u00bbleft\u00a0\u00bb animation_duration=\u00a0\u00bb500ms\u00a0\u00bb animation_intensity_slide=\u00a0\u00bb10{c5e6756a5319be4501b688b7571ebb68323b3ba5939e6fcb25c42683677ac0b9}\u00a0\u00bb hover_enabled=\u00a0\u00bb0&Prime; use_border_color=\u00a0\u00bboff\u00a0\u00bb always_center_on_mobile=\u00a0\u00bbon\u00a0\u00bb global_colors_info=\u00a0\u00bb{}\u00a0\u00bb sticky_enabled=\u00a0\u00bb0&Prime; custom_padding=\u00a0\u00bb0px|64px||||\u00a0\u00bb min_height=\u00a0\u00bb281.1px\u00a0\u00bb][\/et_pb_image][et_pb_text admin_label=\u00a0\u00bbTitel\u00a0\u00bb _builder_version=\u00a0\u00bb4.27.5&Prime; background_size=\u00a0\u00bbinitial\u00a0\u00bb background_position=\u00a0\u00bbtop_left\u00a0\u00bb background_repeat=\u00a0\u00bbrepeat\u00a0\u00bb use_border_color=\u00a0\u00bboff\u00a0\u00bb global_colors_info=\u00a0\u00bb{}\u00a0\u00bb]<\/p>\n<h3><a href=\"https:\/\/www.polytec.com\/de\/oberflaechenmesstechnik\/produkte\/oberflaechenmessgeraete\/topmap-microview\">TopMap Micro.View <\/a><\/h3>\n<p>[\/et_pb_text][et_pb_text admin_label=\u00a0\u00bbBeschreibung\u00a0\u00bb _builder_version=\u00a0\u00bb4.27.5&Prime; background_size=\u00a0\u00bbinitial\u00a0\u00bb background_position=\u00a0\u00bbtop_left\u00a0\u00bb background_repeat=\u00a0\u00bbrepeat\u00a0\u00bb use_border_color=\u00a0\u00bboff\u00a0\u00bb global_colors_info=\u00a0\u00bb{}\u00a0\u00bb]<\/p>\n<p>TopMap Micro.View\u00ae est un profileur optique facile \u00e0 utiliser dans une configuration compacte avec un bon rapport co\u00fbt\/efficacit\u00e9.<\/p>\n<p>[\/et_pb_text][\/et_pb_column][et_pb_column type=\u00a0\u00bb1_3&Prime; _builder_version=\u00a0\u00bb4.16&Prime; custom_padding=\u00a0\u00bb|||\u00a0\u00bb global_colors_info=\u00a0\u00bb{}\u00a0\u00bb custom_padding__hover=\u00a0\u00bb|||\u00a0\u00bb][et_pb_image src=\u00a0\u00bbhttps:\/\/mt.osterwalder-zug.ch\/wp-content\/uploads\/2026\/01\/TMS-2400_MicroView.jpg\u00a0\u00bb title_text=\u00a0\u00bbTopMap MicroView+ Tip Tilt Stage\u00a0\u00bb url=\u00a0\u00bb@ET-DC@eyJkeW5hbWljIjp0cnVlLCJjb250ZW50IjoicG9zdF9saW5rX3VybF9wcm9qZWN0Iiwic2V0dGluZ3MiOnsicG9zdF9pZCI6IjM0ODEifX0=@\u00a0\u00bb align_tablet=\u00a0\u00bbcenter\u00a0\u00bb align_phone=\u00a0\u00bbcenter\u00a0\u00bb align_last_edited=\u00a0\u00bbon|desktop\u00a0\u00bb _builder_version=\u00a0\u00bb4.27.5&Prime; _dynamic_attributes=\u00a0\u00bburl\u00a0\u00bb custom_margin=\u00a0\u00bb84px||45px|||\u00a0\u00bb animation_style=\u00a0\u00bbslide\u00a0\u00bb animation_direction=\u00a0\u00bbleft\u00a0\u00bb animation_duration=\u00a0\u00bb500ms\u00a0\u00bb animation_intensity_slide=\u00a0\u00bb10{c5e6756a5319be4501b688b7571ebb68323b3ba5939e6fcb25c42683677ac0b9}\u00a0\u00bb hover_enabled=\u00a0\u00bb0&Prime; use_border_color=\u00a0\u00bboff\u00a0\u00bb always_center_on_mobile=\u00a0\u00bbon\u00a0\u00bb global_colors_info=\u00a0\u00bb{}\u00a0\u00bb sticky_enabled=\u00a0\u00bb0&Prime;][\/et_pb_image][et_pb_text admin_label=\u00a0\u00bbTitel\u00a0\u00bb _builder_version=\u00a0\u00bb4.27.5&Prime; background_size=\u00a0\u00bbinitial\u00a0\u00bb background_position=\u00a0\u00bbtop_left\u00a0\u00bb background_repeat=\u00a0\u00bbrepeat\u00a0\u00bb use_border_color=\u00a0\u00bboff\u00a0\u00bb border_color=\u00a0\u00bb#ffffff\u00a0\u00bb border_style=\u00a0\u00bbsolid\u00a0\u00bb global_colors_info=\u00a0\u00bb{}\u00a0\u00bb]<\/p>\n<h3><a href=\"https:\/\/www.polytec.com\/de\/oberflaechenmesstechnik\/produkte\/oberflaechenmessgeraete\/topmap-microview-plus\">TopMap Micro.View+ <\/a><\/h3>\n<p>[\/et_pb_text][et_pb_text admin_label=\u00a0\u00bbBeschreibung\u00a0\u00bb _builder_version=\u00a0\u00bb4.27.5&Prime; background_size=\u00a0\u00bbinitial\u00a0\u00bb background_position=\u00a0\u00bbtop_left\u00a0\u00bb background_repeat=\u00a0\u00bbrepeat\u00a0\u00bb use_border_color=\u00a0\u00bboff\u00a0\u00bb global_colors_info=\u00a0\u00bb{}\u00a0\u00bb]<\/p>\n<p>TopMap Micro.View\u00ae+ est un profileur de surface optique de nouvelle g\u00e9n\u00e9ration, de conception modulaire<\/p>\n<p>[\/et_pb_text][\/et_pb_column][et_pb_column type=\u00a0\u00bb1_3&Prime; _builder_version=\u00a0\u00bb4.16&Prime; custom_padding=\u00a0\u00bb|||\u00a0\u00bb global_colors_info=\u00a0\u00bb{}\u00a0\u00bb custom_padding__hover=\u00a0\u00bb|||\u00a0\u00bb][et_pb_image src=\u00a0\u00bbhttps:\/\/mt.osterwalder-zug.ch\/wp-content\/uploads\/2026\/01\/TMS-500-TopMap-Pro.Surf_-scaled.jpg\u00a0\u00bb title_text=\u00a0\u00bbTopMap Pro.Surf\u00a0\u00bb url=\u00a0\u00bb@ET-DC@eyJkeW5hbWljIjp0cnVlLCJjb250ZW50IjoicG9zdF9saW5rX3VybF9wcm9qZWN0Iiwic2V0dGluZ3MiOnsicG9zdF9pZCI6IjM1MTQifX0=@\u00a0\u00bb _builder_version=\u00a0\u00bb4.27.5&Prime; _dynamic_attributes=\u00a0\u00bburl\u00a0\u00bb _module_preset=\u00a0\u00bbdefault\u00a0\u00bb custom_margin=\u00a0\u00bb||74px|||\u00a0\u00bb custom_padding=\u00a0\u00bb114px|||||\u00a0\u00bb hover_enabled=\u00a0\u00bb0&Prime; global_colors_info=\u00a0\u00bb{}\u00a0\u00bb sticky_enabled=\u00a0\u00bb0&Prime;][\/et_pb_image][et_pb_text _builder_version=\u00a0\u00bb4.27.5&Prime; _module_preset=\u00a0\u00bbdefault\u00a0\u00bb global_colors_info=\u00a0\u00bb{}\u00a0\u00bb]<\/p>\n<h3>TopMap Pro.Surf<\/h3>\n<p>[\/et_pb_text][et_pb_text _builder_version=\u00a0\u00bb4.27.5&Prime; _module_preset=\u00a0\u00bbdefault\u00a0\u00bb global_colors_info=\u00a0\u00bb{}\u00a0\u00bb]<\/p>\n<p>Le TopMap Pro.Surf d\u00e9termine rapidement, de mani\u00e8re fiable et pr\u00e9cise les \u00e9carts de forme sur un large champ de vision.<\/p>\n<p>[\/et_pb_text][\/et_pb_column][\/et_pb_row][\/et_pb_section]<\/p>\n","protected":false},"excerpt":{"rendered":"<p>TopMap Micro.View TopMap Micro.View\u00ae est un profileur optique facile \u00e0 utiliser dans une configuration compacte avec un bon rapport co\u00fbt\/efficacit\u00e9.TopMap Micro.View+ TopMap Micro.View\u00ae+ est un profileur de surface optique de nouvelle g\u00e9n\u00e9ration, de conception modulaireTopMap Pro.SurfLe TopMap Pro.Surf d\u00e9termine rapidement, de mani\u00e8re fiable et pr\u00e9cise les \u00e9carts de forme sur un large champ de vision.<\/p>\n","protected":false},"author":5,"featured_media":0,"parent":0,"menu_order":0,"comment_status":"closed","ping_status":"closed","template":"","meta":{"_et_pb_use_builder":"on","_et_pb_old_content":"","_et_gb_content_width":"","footnotes":""},"class_list":["post-3458","page","type-page","status-publish","hentry"],"_links":{"self":[{"href":"https:\/\/mt.osterwalder-zug.ch\/fr\/wp-json\/wp\/v2\/pages\/3458","targetHints":{"allow":["GET"]}}],"collection":[{"href":"https:\/\/mt.osterwalder-zug.ch\/fr\/wp-json\/wp\/v2\/pages"}],"about":[{"href":"https:\/\/mt.osterwalder-zug.ch\/fr\/wp-json\/wp\/v2\/types\/page"}],"author":[{"embeddable":true,"href":"https:\/\/mt.osterwalder-zug.ch\/fr\/wp-json\/wp\/v2\/users\/5"}],"replies":[{"embeddable":true,"href":"https:\/\/mt.osterwalder-zug.ch\/fr\/wp-json\/wp\/v2\/comments?post=3458"}],"version-history":[{"count":9,"href":"https:\/\/mt.osterwalder-zug.ch\/fr\/wp-json\/wp\/v2\/pages\/3458\/revisions"}],"predecessor-version":[{"id":3563,"href":"https:\/\/mt.osterwalder-zug.ch\/fr\/wp-json\/wp\/v2\/pages\/3458\/revisions\/3563"}],"wp:attachment":[{"href":"https:\/\/mt.osterwalder-zug.ch\/fr\/wp-json\/wp\/v2\/media?parent=3458"}],"curies":[{"name":"wp","href":"https:\/\/api.w.org\/{rel}","templated":true}]}}

<p>[et_pb_section fb_built= »1&Prime; fullwidth= »on » custom_padding_last_edited= »on|desktop » _builder_version= »4.16&Prime; background_color= »#ffffff » custom_padding_tablet= »50px|0|50px|0&Prime; custom_padding_phone= » » transparent_background= »off » padding_mobile= »off » make_fullwidth= »off » use_custom_width= »off » width_unit= »on » global_colors_info= »{} »][et_pb_fullwidth_image src= »https://mt.osterwalder-zug.ch/wp-content/uploads/2017/06/verlauf-Horiz.png » disabled_on= »off|off| » admin_label= »Bild Verlauf  » _builder_version= »4.16&Prime; animation_style= »slide » animation_direction= »left » animation_duration= »500ms » animation_intensity_slide= »10% » animation= »left » use_border_color= »off » border_color= »#ffffff » border_style= »solid » global_colors_info= »{} »][/et_pb_fullwidth_image][/et_pb_section][et_pb_section fb_built= »1&Prime; admin_label= »section » _builder_version= »4.16&Prime; global_colors_info= »{} »][et_pb_row column_structure= »1_3,1_3,1_3&Prime; admin_label= »row » _builder_version= »4.16&Prime; background_size= »initial » background_position= »top_left » background_repeat= »repeat » global_colors_info= »{} »][et_pb_column type= »1_3&Prime; _builder_version= »4.16&Prime; custom_padding= »||| » global_colors_info= »{} » custom_padding__hover= »||| »][et_pb_image src= »https://mt.osterwalder-zug.ch/wp-content/uploads/2026/01/TMS-1400_Topmap-MicroView.jpg » title_text= »TopMap MicoView » url= »@ET-DC@eyJkeW5hbWljIjp0cnVlLCJjb250ZW50IjoicG9zdF9saW5rX3VybF9wcm9qZWN0Iiwic2V0dGluZ3MiOnsicG9zdF9pZCI6IjM0NjYifX0=@ » align= »center » align_tablet= »center » align_phone= »center » align_last_edited= »on|desktop » _builder_version= »4.27.5&Prime; _dynamic_attributes= »url » custom_margin= »63px||45px||| » animation_style= »slide » animation_direction= »left » animation_duration= »500ms » animation_intensity_slide= »10{c5e6756a5319be4501b688b7571ebb68323b3ba5939e6fcb25c42683677ac0b9} » hover_enabled= »0&Prime; use_border_color= »off » always_center_on_mobile= »on » global_colors_info= »{} » sticky_enabled= »0&Prime; custom_padding= »0px|64px|||| » min_height= »281.1px »][/et_pb_image][et_pb_text admin_label= »Titel » _builder_version= »4.27.5&Prime; background_size= »initial » background_position= »top_left » background_repeat= »repeat » use_border_color= »off » global_colors_info= »{} »]</p>
<h3><a href="https://www.polytec.com/de/oberflaechenmesstechnik/produkte/oberflaechenmessgeraete/topmap-microview">TopMap Micro.View </a></h3>
<p>[/et_pb_text][et_pb_text admin_label= »Beschreibung » _builder_version= »4.27.5&Prime; background_size= »initial » background_position= »top_left » background_repeat= »repeat » use_border_color= »off » global_colors_info= »{} »]</p>
<p>TopMap Micro.View® est un profileur optique facile à utiliser dans une configuration compacte avec un bon rapport coût/efficacité.</p>
<p>[/et_pb_text][/et_pb_column][et_pb_column type= »1_3&Prime; _builder_version= »4.16&Prime; custom_padding= »||| » global_colors_info= »{} » custom_padding__hover= »||| »][et_pb_image src= »https://mt.osterwalder-zug.ch/wp-content/uploads/2026/01/TMS-2400_MicroView.jpg » title_text= »TopMap MicroView+ Tip Tilt Stage » url= »@ET-DC@eyJkeW5hbWljIjp0cnVlLCJjb250ZW50IjoicG9zdF9saW5rX3VybF9wcm9qZWN0Iiwic2V0dGluZ3MiOnsicG9zdF9pZCI6IjM0ODEifX0=@ » align_tablet= »center » align_phone= »center » align_last_edited= »on|desktop » _builder_version= »4.27.5&Prime; _dynamic_attributes= »url » custom_margin= »84px||45px||| » animation_style= »slide » animation_direction= »left » animation_duration= »500ms » animation_intensity_slide= »10{c5e6756a5319be4501b688b7571ebb68323b3ba5939e6fcb25c42683677ac0b9} » hover_enabled= »0&Prime; use_border_color= »off » always_center_on_mobile= »on » global_colors_info= »{} » sticky_enabled= »0&Prime;][/et_pb_image][et_pb_text admin_label= »Titel » _builder_version= »4.27.5&Prime; background_size= »initial » background_position= »top_left » background_repeat= »repeat » use_border_color= »off » border_color= »#ffffff » border_style= »solid » global_colors_info= »{} »]</p>
<h3><a href="https://www.polytec.com/de/oberflaechenmesstechnik/produkte/oberflaechenmessgeraete/topmap-microview-plus">TopMap Micro.View+ </a></h3>
<p>[/et_pb_text][et_pb_text admin_label= »Beschreibung » _builder_version= »4.27.5&Prime; background_size= »initial » background_position= »top_left » background_repeat= »repeat » use_border_color= »off » global_colors_info= »{} »]</p>
<p>TopMap Micro.View®+ est un profileur de surface optique de nouvelle génération, de conception modulaire</p>
<p>[/et_pb_text][/et_pb_column][et_pb_column type= »1_3&Prime; _builder_version= »4.16&Prime; custom_padding= »||| » global_colors_info= »{} » custom_padding__hover= »||| »][et_pb_image src= »https://mt.osterwalder-zug.ch/wp-content/uploads/2026/01/TMS-500-TopMap-Pro.Surf_-scaled.jpg » title_text= »TopMap Pro.Surf » url= »@ET-DC@eyJkeW5hbWljIjp0cnVlLCJjb250ZW50IjoicG9zdF9saW5rX3VybF9wcm9qZWN0Iiwic2V0dGluZ3MiOnsicG9zdF9pZCI6IjM1MTQifX0=@ » _builder_version= »4.27.5&Prime; _dynamic_attributes= »url » _module_preset= »default » custom_margin= »||74px||| » custom_padding= »114px||||| » hover_enabled= »0&Prime; global_colors_info= »{} » sticky_enabled= »0&Prime;][/et_pb_image][et_pb_text _builder_version= »4.27.5&Prime; _module_preset= »default » global_colors_info= »{} »]</p>
<h3>TopMap Pro.Surf</h3>
<p>[/et_pb_text][et_pb_text _builder_version= »4.27.5&Prime; _module_preset= »default » global_colors_info= »{} »]</p>
<p>Le TopMap Pro.Surf détermine rapidement, de manière fiable et précise les écarts de forme sur un large champ de vision.</p>
<p>[/et_pb_text][/et_pb_column][/et_pb_row][/et_pb_section]</p>

<p>TopMap Micro.View TopMap Micro.View® est un profileur optique facile à utiliser dans une configuration compacte avec un bon rapport coût/efficacité.TopMap Micro.View+ TopMap Micro.View®+ est un profileur de surface optique de nouvelle génération, de conception modulaireTopMap Pro.SurfLe TopMap Pro.Surf détermine rapidement, de manière fiable et précise les écarts de forme sur un large champ de vision.</p>
