{"id":2762,"date":"2023-10-14T11:43:16","date_gmt":"2023-10-14T11:43:16","guid":{"rendered":"https:\/\/mt.osterwalder-zug.ch\/mentions-legales\/"},"modified":"2024-11-14T13:54:50","modified_gmt":"2024-11-14T13:54:50","slug":"mentions-legales","status":"publish","type":"page","link":"https:\/\/mt.osterwalder-zug.ch\/fr\/mentions-legales\/","title":{"rendered":"Mentions l\u00e9gales"},"content":{"rendered":"<p>[et_pb_section fb_built=\u00a0\u00bb1&Prime; fullwidth=\u00a0\u00bbon\u00a0\u00bb custom_padding_last_edited=\u00a0\u00bbon|desktop\u00a0\u00bb _builder_version=\u00a0\u00bb4.16&Prime; background_color=\u00a0\u00bb#ffffff\u00a0\u00bb custom_padding_tablet=\u00a0\u00bb50px|0|50px|0&Prime; custom_padding_phone=\u00a0\u00bb\u00a0\u00bb transparent_background=\u00a0\u00bboff\u00a0\u00bb padding_mobile=\u00a0\u00bboff\u00a0\u00bb make_fullwidth=\u00a0\u00bboff\u00a0\u00bb use_custom_width=\u00a0\u00bboff\u00a0\u00bb width_unit=\u00a0\u00bbon\u00a0\u00bb global_colors_info=\u00a0\u00bb{}\u00a0\u00bb][et_pb_fullwidth_image src=\u00a0\u00bbhttps:\/\/mt.osterwalder-zug.ch\/wp-content\/uploads\/2017\/06\/verlauf-Horiz.png\u00a0\u00bb disabled_on=\u00a0\u00bboff|off|\u00a0\u00bb admin_label=\u00a0\u00bbBild Verlauf \u00a0\u00bb _builder_version=\u00a0\u00bb4.16&Prime; animation_style=\u00a0\u00bbslide\u00a0\u00bb animation_direction=\u00a0\u00bbleft\u00a0\u00bb animation_duration=\u00a0\u00bb500ms\u00a0\u00bb animation_intensity_slide=\u00a0\u00bb10%\u00a0\u00bb animation=\u00a0\u00bbleft\u00a0\u00bb use_border_color=\u00a0\u00bboff\u00a0\u00bb border_color=\u00a0\u00bb#ffffff\u00a0\u00bb border_style=\u00a0\u00bbsolid\u00a0\u00bb global_colors_info=\u00a0\u00bb{}\u00a0\u00bb][\/et_pb_fullwidth_image][\/et_pb_section][et_pb_section fb_built=\u00a0\u00bb1&Prime; _builder_version=\u00a0\u00bb4.22.2&Prime; _module_preset=\u00a0\u00bbdefault\u00a0\u00bb background_color=\u00a0\u00bb#222222&Prime; global_colors_info=\u00a0\u00bb{}\u00a0\u00bb][et_pb_row _builder_version=\u00a0\u00bb4.22.2&Prime; _module_preset=\u00a0\u00bbdefault\u00a0\u00bb global_colors_info=\u00a0\u00bb{}\u00a0\u00bb][et_pb_column type=\u00a0\u00bb4_4&Prime; _builder_version=\u00a0\u00bb4.22.2&Prime; _module_preset=\u00a0\u00bbdefault\u00a0\u00bb global_colors_info=\u00a0\u00bb{}\u00a0\u00bb][et_pb_text _builder_version=\u00a0\u00bb4.22.2&Prime; _module_preset=\u00a0\u00bbdefault\u00a0\u00bb text_text_color=\u00a0\u00bb#FFFFFF\u00a0\u00bb header_text_color=\u00a0\u00bb#FFFFFF\u00a0\u00bb header_3_text_color=\u00a0\u00bb#FFFFFF\u00a0\u00bb global_colors_info=\u00a0\u00bb{}\u00a0\u00bb]<\/p>\n<h3>Adresse de contact<\/h3>\n<p>Osterwalder Messtechnik<br \/>Sumpfstrasse 13<br \/>6312 Steinhausen<br \/>Suisse<br \/>info@osterwalder-zug.ch<\/p>\n<h3>Inscription au registre du commerce<\/h3>\n<p>Nom de l&rsquo;entreprise enregistr\u00e9e : Osterwalder Messtechnik AG<br \/>Num\u00e9ro : CHE-107.398.951<br \/>Office du registre du commerce : Zoug<\/p>\n<h3>Num\u00e9ro de TVA<\/h3>\n<p>CHE-107.398.951<\/p>\n<h3>Clause de non-responsabilit\u00e9<\/h3>\n<p>L&rsquo;auteur n&rsquo;assume aucune responsabilit\u00e9 quant \u00e0 l&rsquo;exactitude, la pr\u00e9cision, l&rsquo;actualit\u00e9, la fiabilit\u00e9 et l&rsquo;exhaustivit\u00e9 du contenu des informations.<br \/>L&rsquo;auteur ne saurait \u00eatre tenu responsable des dommages mat\u00e9riels ou immat\u00e9riels qui pourraient \u00eatre caus\u00e9s par l&rsquo;acc\u00e8s aux informations diffus\u00e9es ou par leur utilisation ou non-utilisation, par le mauvais usage de la connexion ou par des probl\u00e8mes techniques.<br \/>Toutes les offres sont sans engagement. L&rsquo;auteur se r\u00e9serve express\u00e9ment le droit de modifier, de compl\u00e9ter ou de supprimer des parties de pages ou l&rsquo;ensemble de l&rsquo;offre sans avis pr\u00e9alable, ou d&rsquo;en suspendre temporairement ou d\u00e9finitivement la publication.<\/p>\n<h3>Responsabilit\u00e9 pour les liens<\/h3>\n<p>Les renvois et liens vers des sites web de tiers ne rel\u00e8vent pas de notre responsabilit\u00e9. Nous d\u00e9clinons toute responsabilit\u00e9 pour de tels sites web. L&rsquo;acc\u00e8s \u00e0 de tels sites et leur utilisation se font aux risques et p\u00e9rils de l&rsquo;utilisateur ou de l&rsquo;utilisatrice.<\/p>\n<h3>Droits d&rsquo;auteur<\/h3>\n<p>Les droits d&rsquo;auteur et tous les autres droits relatifs aux contenus, images, photos ou autres fichiers figurant sur le site web appartiennent exclusivement \u00e0 **la soci\u00e9t\u00e9 Osterwalder Messtechnik** ou aux titulaires de droits sp\u00e9cialement cit\u00e9s. Pour la reproduction de tout \u00e9l\u00e9ment, il convient d&rsquo;obtenir au pr\u00e9alable l&rsquo;accord \u00e9crit des d\u00e9tenteurs des droits d&rsquo;auteur.<\/p>\n<h3>Protection des donn\u00e9es<\/h3>\n<p>En vertu de l&rsquo;article 13 de la Constitution f\u00e9d\u00e9rale suisse et des dispositions f\u00e9d\u00e9rales relatives \u00e0 la protection des donn\u00e9es (loi sur la protection des donn\u00e9es, LPD), toute personne a droit \u00e0 la protection de sa sph\u00e8re priv\u00e9e ainsi qu&rsquo;\u00e0 la protection contre l&#8217;emploi abusif de ses donn\u00e9es personnelles. Nous respectons ces dispositions. Les donn\u00e9es personnelles sont trait\u00e9es de mani\u00e8re strictement confidentielle et ne sont ni vendues ni transmises \u00e0 des tiers.<br \/>En \u00e9troite collaboration avec nos fournisseurs d&rsquo;h\u00e9bergement, nous nous effor\u00e7ons de prot\u00e9ger autant que possible les bases de donn\u00e9es contre les acc\u00e8s externes, les pertes, les abus ou les falsifications.<br \/>Lorsque vous acc\u00e9dez \u00e0 nos pages web, les donn\u00e9es suivantes sont enregistr\u00e9es dans des fichiers journaux : Adresse IP, date, heure, requ\u00eate du navigateur et informations g\u00e9n\u00e9rales. les informations transmises sur le syst\u00e8me d&rsquo;exploitation ou le site web Navigateur. Ces donn\u00e9es d&rsquo;utilisation constituent la base d&rsquo;\u00e9valuations statistiques anonymes, ce qui permet de d\u00e9gager des tendances sur la base desquelles nous pouvons am\u00e9liorer nos offres en cons\u00e9quence.<\/p>\n<h3>D\u00e9claration de confidentialit\u00e9 pour l&rsquo;utilisation de Google Analytics<\/h3>\n<p>Ce site web utilise Google Analytics, un service d&rsquo;analyse web de Google Inc. (\u201eGoogle\u201c). Google Analytics utilise des \u00ab\u00a0cookies\u00a0\u00bb, des fichiers texte qui sont enregistr\u00e9s sur votre ordinateur et qui permettent d&rsquo;analyser votre utilisation du site web. Les informations g\u00e9n\u00e9r\u00e9es par le cookie concernant votre utilisation de ce site web sont g\u00e9n\u00e9ralement transmises \u00e0 un serveur de Google aux \u00c9tats-Unis et y sont enregistr\u00e9es. Toutefois, si l&rsquo;anonymisation IP est activ\u00e9e sur ce site, votre adresse IP sera pr\u00e9alablement abr\u00e9g\u00e9e par Google dans les \u00c9tats membres de l&rsquo;Union europ\u00e9enne ou dans d&rsquo;autres \u00c9tats signataires de l&rsquo;accord sur l&rsquo;Espace \u00e9conomique europ\u00e9en.<br \/>Ce n&rsquo;est que dans des cas exceptionnels que l&rsquo;adresse IP compl\u00e8te est transmise \u00e0 un serveur de Google aux \u00c9tats-Unis et y est abr\u00e9g\u00e9e. Google utilisera cette information dans le but d&rsquo;\u00e9valuer votre utilisation du site, de compiler des rapports sur l&rsquo;activit\u00e9 du site \u00e0 destination de son \u00e9diteur et de fournir d&rsquo;autres services relatifs \u00e0 l&rsquo;activit\u00e9 du site et \u00e0 l&rsquo;utilisation d&rsquo;Internet. Google peut \u00e9galement transmettre ces informations \u00e0 des tiers si la loi l&rsquo;exige ou si des tiers traitent ces donn\u00e9es pour le compte de Google. L&rsquo;adresse IP transmise par votre navigateur dans le cadre de Google Analytics n&rsquo;est pas recoup\u00e9e avec d&rsquo;autres donn\u00e9es de Google.<br \/>Vous pouvez emp\u00eacher l&rsquo;installation des cookies en param\u00e9trant votre navigateur en cons\u00e9quence ; nous attirons toutefois votre attention sur le fait que, dans ce cas, vous ne pourrez peut-\u00eatre pas utiliser toutes les fonctions de ce site web dans leur int\u00e9gralit\u00e9. En utilisant ce site internet, vous consentez express\u00e9ment au traitement de vos donn\u00e9es nominatives par Google dans les conditions et pour les finalit\u00e9s d\u00e9crites ci-dessus.<\/p>\n<p>[\/et_pb_text][\/et_pb_column][\/et_pb_row][\/et_pb_section]<\/p>\n","protected":false},"excerpt":{"rendered":"<p>Adresse de contact Osterwalder MesstechnikSumpfstrasse 136312 SteinhausenSuisseinfo@osterwalder-zug.ch Inscription au registre du commerce Nom de l&rsquo;entreprise enregistr\u00e9e : Osterwalder Messtechnik AGNum\u00e9ro : CHE-107.398.951Office du registre du commerce : Zoug Num\u00e9ro de TVA CHE-107.398.951 Clause de non-responsabilit\u00e9 L&rsquo;auteur n&rsquo;assume aucune responsabilit\u00e9 quant \u00e0 l&rsquo;exactitude, la pr\u00e9cision, l&rsquo;actualit\u00e9, la fiabilit\u00e9 et l&rsquo;exhaustivit\u00e9 du contenu des informations.L&rsquo;auteur ne saurait [&hellip;]<\/p>\n","protected":false},"author":1,"featured_media":0,"parent":0,"menu_order":0,"comment_status":"closed","ping_status":"closed","template":"","meta":{"_et_pb_use_builder":"on","_et_pb_old_content":"","_et_gb_content_width":"","footnotes":""},"class_list":["post-2762","page","type-page","status-publish","hentry"],"_links":{"self":[{"href":"https:\/\/mt.osterwalder-zug.ch\/fr\/wp-json\/wp\/v2\/pages\/2762","targetHints":{"allow":["GET"]}}],"collection":[{"href":"https:\/\/mt.osterwalder-zug.ch\/fr\/wp-json\/wp\/v2\/pages"}],"about":[{"href":"https:\/\/mt.osterwalder-zug.ch\/fr\/wp-json\/wp\/v2\/types\/page"}],"author":[{"embeddable":true,"href":"https:\/\/mt.osterwalder-zug.ch\/fr\/wp-json\/wp\/v2\/users\/1"}],"replies":[{"embeddable":true,"href":"https:\/\/mt.osterwalder-zug.ch\/fr\/wp-json\/wp\/v2\/comments?post=2762"}],"version-history":[{"count":7,"href":"https:\/\/mt.osterwalder-zug.ch\/fr\/wp-json\/wp\/v2\/pages\/2762\/revisions"}],"predecessor-version":[{"id":3130,"href":"https:\/\/mt.osterwalder-zug.ch\/fr\/wp-json\/wp\/v2\/pages\/2762\/revisions\/3130"}],"wp:attachment":[{"href":"https:\/\/mt.osterwalder-zug.ch\/fr\/wp-json\/wp\/v2\/media?parent=2762"}],"curies":[{"name":"wp","href":"https:\/\/api.w.org\/{rel}","templated":true}]}}

Mentions légales

<p>[et_pb_section fb_built= »1&Prime; fullwidth= »on » custom_padding_last_edited= »on|desktop » _builder_version= »4.16&Prime; background_color= »#ffffff » custom_padding_tablet= »50px|0|50px|0&Prime; custom_padding_phone= » » transparent_background= »off » padding_mobile= »off » make_fullwidth= »off » use_custom_width= »off » width_unit= »on » global_colors_info= »{} »][et_pb_fullwidth_image src= »https://mt.osterwalder-zug.ch/wp-content/uploads/2017/06/verlauf-Horiz.png » disabled_on= »off|off| » admin_label= »Bild Verlauf  » _builder_version= »4.16&Prime; animation_style= »slide » animation_direction= »left » animation_duration= »500ms » animation_intensity_slide= »10% » animation= »left » use_border_color= »off » border_color= »#ffffff » border_style= »solid » global_colors_info= »{} »][/et_pb_fullwidth_image][/et_pb_section][et_pb_section fb_built= »1&Prime; _builder_version= »4.22.2&Prime; _module_preset= »default » background_color= »#222222&Prime; global_colors_info= »{} »][et_pb_row _builder_version= »4.22.2&Prime; _module_preset= »default » global_colors_info= »{} »][et_pb_column type= »4_4&Prime; _builder_version= »4.22.2&Prime; _module_preset= »default » global_colors_info= »{} »][et_pb_text _builder_version= »4.22.2&Prime; _module_preset= »default » text_text_color= »#FFFFFF » header_text_color= »#FFFFFF » header_3_text_color= »#FFFFFF » global_colors_info= »{} »]</p>
<h3>Adresse de contact</h3>
<p>Osterwalder Messtechnik<br />Sumpfstrasse 13<br />6312 Steinhausen<br />Suisse<br />info@osterwalder-zug.ch</p>
<h3>Inscription au registre du commerce</h3>
<p>Nom de l&rsquo;entreprise enregistrée : Osterwalder Messtechnik AG<br />Numéro : CHE-107.398.951<br />Office du registre du commerce : Zoug</p>
<h3>Numéro de TVA</h3>
<p>CHE-107.398.951</p>
<h3>Clause de non-responsabilité</h3>
<p>L&rsquo;auteur n&rsquo;assume aucune responsabilité quant à l&rsquo;exactitude, la précision, l&rsquo;actualité, la fiabilité et l&rsquo;exhaustivité du contenu des informations.<br />L&rsquo;auteur ne saurait être tenu responsable des dommages matériels ou immatériels qui pourraient être causés par l&rsquo;accès aux informations diffusées ou par leur utilisation ou non-utilisation, par le mauvais usage de la connexion ou par des problèmes techniques.<br />Toutes les offres sont sans engagement. L&rsquo;auteur se réserve expressément le droit de modifier, de compléter ou de supprimer des parties de pages ou l&rsquo;ensemble de l&rsquo;offre sans avis préalable, ou d&rsquo;en suspendre temporairement ou définitivement la publication.</p>
<h3>Responsabilité pour les liens</h3>
<p>Les renvois et liens vers des sites web de tiers ne relèvent pas de notre responsabilité. Nous déclinons toute responsabilité pour de tels sites web. L&rsquo;accès à de tels sites et leur utilisation se font aux risques et périls de l&rsquo;utilisateur ou de l&rsquo;utilisatrice.</p>
<h3>Droits d&rsquo;auteur</h3>
<p>Les droits d&rsquo;auteur et tous les autres droits relatifs aux contenus, images, photos ou autres fichiers figurant sur le site web appartiennent exclusivement à **la société Osterwalder Messtechnik** ou aux titulaires de droits spécialement cités. Pour la reproduction de tout élément, il convient d&rsquo;obtenir au préalable l&rsquo;accord écrit des détenteurs des droits d&rsquo;auteur.</p>
<h3>Protection des données</h3>
<p>En vertu de l&rsquo;article 13 de la Constitution fédérale suisse et des dispositions fédérales relatives à la protection des données (loi sur la protection des données, LPD), toute personne a droit à la protection de sa sphère privée ainsi qu&rsquo;à la protection contre l&#8217;emploi abusif de ses données personnelles. Nous respectons ces dispositions. Les données personnelles sont traitées de manière strictement confidentielle et ne sont ni vendues ni transmises à des tiers.<br />En étroite collaboration avec nos fournisseurs d&rsquo;hébergement, nous nous efforçons de protéger autant que possible les bases de données contre les accès externes, les pertes, les abus ou les falsifications.<br />Lorsque vous accédez à nos pages web, les données suivantes sont enregistrées dans des fichiers journaux : Adresse IP, date, heure, requête du navigateur et informations générales. les informations transmises sur le système d&rsquo;exploitation ou le site web Navigateur. Ces données d&rsquo;utilisation constituent la base d&rsquo;évaluations statistiques anonymes, ce qui permet de dégager des tendances sur la base desquelles nous pouvons améliorer nos offres en conséquence.</p>
<h3>Déclaration de confidentialité pour l&rsquo;utilisation de Google Analytics</h3>
<p>Ce site web utilise Google Analytics, un service d&rsquo;analyse web de Google Inc. („Google“). Google Analytics utilise des « cookies », des fichiers texte qui sont enregistrés sur votre ordinateur et qui permettent d&rsquo;analyser votre utilisation du site web. Les informations générées par le cookie concernant votre utilisation de ce site web sont généralement transmises à un serveur de Google aux États-Unis et y sont enregistrées. Toutefois, si l&rsquo;anonymisation IP est activée sur ce site, votre adresse IP sera préalablement abrégée par Google dans les États membres de l&rsquo;Union européenne ou dans d&rsquo;autres États signataires de l&rsquo;accord sur l&rsquo;Espace économique européen.<br />Ce n&rsquo;est que dans des cas exceptionnels que l&rsquo;adresse IP complète est transmise à un serveur de Google aux États-Unis et y est abrégée. Google utilisera cette information dans le but d&rsquo;évaluer votre utilisation du site, de compiler des rapports sur l&rsquo;activité du site à destination de son éditeur et de fournir d&rsquo;autres services relatifs à l&rsquo;activité du site et à l&rsquo;utilisation d&rsquo;Internet. Google peut également transmettre ces informations à des tiers si la loi l&rsquo;exige ou si des tiers traitent ces données pour le compte de Google. L&rsquo;adresse IP transmise par votre navigateur dans le cadre de Google Analytics n&rsquo;est pas recoupée avec d&rsquo;autres données de Google.<br />Vous pouvez empêcher l&rsquo;installation des cookies en paramétrant votre navigateur en conséquence ; nous attirons toutefois votre attention sur le fait que, dans ce cas, vous ne pourrez peut-être pas utiliser toutes les fonctions de ce site web dans leur intégralité. En utilisant ce site internet, vous consentez expressément au traitement de vos données nominatives par Google dans les conditions et pour les finalités décrites ci-dessus.</p>
<p>[/et_pb_text][/et_pb_column][/et_pb_row][/et_pb_section]</p>

<p>Adresse de contact Osterwalder MesstechnikSumpfstrasse 136312 SteinhausenSuisseinfo@osterwalder-zug.ch Inscription au registre du commerce Nom de l&rsquo;entreprise enregistrée : Osterwalder Messtechnik AGNuméro : CHE-107.398.951Office du registre du commerce : Zoug Numéro de TVA CHE-107.398.951 Clause de non-responsabilité L&rsquo;auteur n&rsquo;assume aucune responsabilité quant à l&rsquo;exactitude, la précision, l&rsquo;actualité, la fiabilité et l&rsquo;exhaustivité du contenu des informations.L&rsquo;auteur ne saurait [&hellip;]</p>
