{"id":2745,"date":"2019-03-27T12:26:58","date_gmt":"2019-03-27T12:26:58","guid":{"rendered":"https:\/\/mt.osterwalder-zug.ch\/appareils-de-controle-des-roues-dentees\/"},"modified":"2023-10-14T10:48:56","modified_gmt":"2023-10-14T10:48:56","slug":"appareils-de-controle-des-roues-dentees","status":"publish","type":"page","link":"https:\/\/mt.osterwalder-zug.ch\/fr\/appareils-de-controle-des-roues-dentees\/","title":{"rendered":"Appareils de contr\u00f4le des roues dent\u00e9es"},"content":{"rendered":"<p>[et_pb_section fb_built=\u00a0\u00bb1&Prime; fullwidth=\u00a0\u00bbon\u00a0\u00bb custom_padding_last_edited=\u00a0\u00bbon|desktop\u00a0\u00bb _builder_version=\u00a0\u00bb4.16&Prime; background_color=\u00a0\u00bb#ffffff\u00a0\u00bb custom_padding_tablet=\u00a0\u00bb50px|0|50px|0&Prime; custom_padding_phone=\u00a0\u00bb\u00a0\u00bb transparent_background=\u00a0\u00bboff\u00a0\u00bb padding_mobile=\u00a0\u00bboff\u00a0\u00bb make_fullwidth=\u00a0\u00bboff\u00a0\u00bb use_custom_width=\u00a0\u00bboff\u00a0\u00bb width_unit=\u00a0\u00bbon\u00a0\u00bb global_colors_info=\u00a0\u00bb{}\u00a0\u00bb][et_pb_fullwidth_image src=\u00a0\u00bbhttp:\/\/mt.osterwalder-zug.ch\/wp-content\/uploads\/2017\/06\/verlauf-Horiz.png\u00a0\u00bb disabled_on=\u00a0\u00bboff|off|\u00a0\u00bb admin_label=\u00a0\u00bbBild Verlauf \u00a0\u00bb _builder_version=\u00a0\u00bb4.16&Prime; background_size=\u00a0\u00bbinitial\u00a0\u00bb background_position=\u00a0\u00bbtop_left\u00a0\u00bb background_repeat=\u00a0\u00bbrepeat\u00a0\u00bb animation_style=\u00a0\u00bbslide\u00a0\u00bb animation_direction=\u00a0\u00bbleft\u00a0\u00bb animation_duration=\u00a0\u00bb500ms\u00a0\u00bb animation_intensity_slide=\u00a0\u00bb10%\u00a0\u00bb animation=\u00a0\u00bbleft\u00a0\u00bb use_border_color=\u00a0\u00bboff\u00a0\u00bb border_color=\u00a0\u00bb#ffffff\u00a0\u00bb border_style=\u00a0\u00bbsolid\u00a0\u00bb global_colors_info=\u00a0\u00bb{}\u00a0\u00bb][\/et_pb_fullwidth_image][\/et_pb_section][et_pb_section fb_built=\u00a0\u00bb1&Prime; admin_label=\u00a0\u00bbsection\u00a0\u00bb _builder_version=\u00a0\u00bb4.16&Prime; global_colors_info=\u00a0\u00bb{}\u00a0\u00bb][et_pb_row admin_label=\u00a0\u00bbrow\u00a0\u00bb _builder_version=\u00a0\u00bb4.16&Prime; background_size=\u00a0\u00bbinitial\u00a0\u00bb background_position=\u00a0\u00bbtop_left\u00a0\u00bb background_repeat=\u00a0\u00bbrepeat\u00a0\u00bb global_colors_info=\u00a0\u00bb{}\u00a0\u00bb][et_pb_column type=\u00a0\u00bb4_4&Prime; _builder_version=\u00a0\u00bb4.16&Prime; custom_padding=\u00a0\u00bb|||\u00a0\u00bb global_colors_info=\u00a0\u00bb{}\u00a0\u00bb custom_padding__hover=\u00a0\u00bb|||\u00a0\u00bb][et_pb_text admin_label=\u00a0\u00bbTitel\u00a0\u00bb _builder_version=\u00a0\u00bb4.16&Prime; background_size=\u00a0\u00bbinitial\u00a0\u00bb background_position=\u00a0\u00bbtop_left\u00a0\u00bb background_repeat=\u00a0\u00bbrepeat\u00a0\u00bb use_border_color=\u00a0\u00bboff\u00a0\u00bb border_color=\u00a0\u00bb#ffffff\u00a0\u00bb border_style=\u00a0\u00bbsolid\u00a0\u00bb global_colors_info=\u00a0\u00bb{}\u00a0\u00bb]<\/p>\n<h3><strong>Appareils de contr\u00f4le sur un ou deux flancs par Geartec<\/strong><\/h3>\n<p>[\/et_pb_text][et_pb_text admin_label=\u00a0\u00bbBeschreibung\u00a0\u00bb _builder_version=\u00a0\u00bb4.16&Prime; background_size=\u00a0\u00bbinitial\u00a0\u00bb background_position=\u00a0\u00bbtop_left\u00a0\u00bb background_repeat=\u00a0\u00bbrepeat\u00a0\u00bb use_border_color=\u00a0\u00bboff\u00a0\u00bb global_colors_info=\u00a0\u00bb{}\u00a0\u00bb]<\/p>\n<ul>\n<li>Avec un logiciel d&rsquo;\u00e9valuation standardis\u00e9<\/li>\n<li>Une solution pour chaque module<\/li>\n<\/ul>\n<p><strong>Pour les applications suivantes<\/strong><\/p>\n<ul>\n<li>Dentures droites<\/li>\n<li>Dentures obliques<\/li>\n<li>Dentures int\u00e9rieures et ext\u00e9rieures<\/li>\n<li>Vis sans fin et roues \u00e0 vis sans fin<\/li>\n<\/ul>\n<p>[\/et_pb_text][\/et_pb_column][\/et_pb_row][et_pb_row admin_label=\u00a0\u00bbrow\u00a0\u00bb _builder_version=\u00a0\u00bb4.16&Prime; background_size=\u00a0\u00bbinitial\u00a0\u00bb background_position=\u00a0\u00bbtop_left\u00a0\u00bb background_repeat=\u00a0\u00bbrepeat\u00a0\u00bb global_colors_info=\u00a0\u00bb{}\u00a0\u00bb column_structure=\u00a0\u00bb1_2,1_2&Prime;][et_pb_column type=\u00a0\u00bb1_2&Prime; _builder_version=\u00a0\u00bb4.16&Prime; custom_padding=\u00a0\u00bb|||\u00a0\u00bb global_colors_info=\u00a0\u00bb{}\u00a0\u00bb custom_padding__hover=\u00a0\u00bb|||\u00a0\u00bb][et_pb_image src=\u00a0\u00bbhttp:\/\/mt.osterwalder-zug.ch\/wp-content\/uploads\/2014\/12\/GSM-1.jpg\u00a0\u00bb url=\u00a0\u00bbhttp:\/\/mt.osterwalder-zug.ch\/project\/gms-32&Prime; show_bottom_space=\u00a0\u00bboff\u00a0\u00bb align_tablet=\u00a0\u00bbcenter\u00a0\u00bb align_last_edited=\u00a0\u00bbon|desktop\u00a0\u00bb admin_label=\u00a0\u00bbBild GMS32&Prime; _builder_version=\u00a0\u00bb4.16&Prime; max_width=\u00a0\u00bb50%\u00a0\u00bb animation_style=\u00a0\u00bbslide\u00a0\u00bb animation_direction=\u00a0\u00bbleft\u00a0\u00bb animation_duration=\u00a0\u00bb500ms\u00a0\u00bb animation_intensity_slide=\u00a0\u00bb10%\u00a0\u00bb use_border_color=\u00a0\u00bboff\u00a0\u00bb global_colors_info=\u00a0\u00bb{}\u00a0\u00bb align_phone=\u00a0\u00bbcenter\u00a0\u00bb][\/et_pb_image][et_pb_text admin_label=\u00a0\u00bbTitel\u00a0\u00bb _builder_version=\u00a0\u00bb4.16&Prime; background_size=\u00a0\u00bbinitial\u00a0\u00bb background_position=\u00a0\u00bbtop_left\u00a0\u00bb background_repeat=\u00a0\u00bbrepeat\u00a0\u00bb use_border_color=\u00a0\u00bboff\u00a0\u00bb global_colors_info=\u00a0\u00bb{}\u00a0\u00bb]<\/p>\n<h3>Appareils de contr\u00f4le sur deux flancs<\/h3>\n<p>[\/et_pb_text][\/et_pb_column][et_pb_column type=\u00a0\u00bb1_2&Prime; _builder_version=\u00a0\u00bb4.16&Prime; custom_padding=\u00a0\u00bb|||\u00a0\u00bb global_colors_info=\u00a0\u00bb{}\u00a0\u00bb custom_padding__hover=\u00a0\u00bb|||\u00a0\u00bb][et_pb_image src=\u00a0\u00bbhttp:\/\/mt.osterwalder-zug.ch\/wp-content\/uploads\/2019\/03\/logo.png\u00a0\u00bb url=\u00a0\u00bbhttp:\/\/mt.osterwalder-zug.ch\/project\/geartec\u00a0\u00bb align_tablet=\u00a0\u00bbcenter\u00a0\u00bb align_last_edited=\u00a0\u00bbon|desktop\u00a0\u00bb admin_label=\u00a0\u00bbBild Geartec\u00a0\u00bb _builder_version=\u00a0\u00bb4.16&Prime; custom_margin=\u00a0\u00bb30px|||\u00a0\u00bb animation_style=\u00a0\u00bbslide\u00a0\u00bb animation_direction=\u00a0\u00bbleft\u00a0\u00bb animation_duration=\u00a0\u00bb500ms\u00a0\u00bb animation_intensity_slide=\u00a0\u00bb10%\u00a0\u00bb use_border_color=\u00a0\u00bboff\u00a0\u00bb global_colors_info=\u00a0\u00bb{}\u00a0\u00bb align_phone=\u00a0\u00bbcenter\u00a0\u00bb][\/et_pb_image][et_pb_text admin_label=\u00a0\u00bbTitel\u00a0\u00bb _builder_version=\u00a0\u00bb4.16&Prime; background_size=\u00a0\u00bbinitial\u00a0\u00bb background_position=\u00a0\u00bbtop_left\u00a0\u00bb background_repeat=\u00a0\u00bbrepeat\u00a0\u00bb use_border_color=\u00a0\u00bboff\u00a0\u00bb global_colors_info=\u00a0\u00bb{}\u00a0\u00bb]<\/p>\n<h3>Appareils de contr\u00f4le sur un ou deux flancs par Geartec<\/h3>\n<p>[\/et_pb_text][\/et_pb_column][\/et_pb_row][\/et_pb_section]<\/p>\n","protected":false},"excerpt":{"rendered":"<p>Appareils de contr\u00f4le sur un ou deux flancs par Geartec Avec un logiciel d&rsquo;\u00e9valuation standardis\u00e9 Une solution pour chaque module Pour les applications suivantes Dentures droites Dentures obliques Dentures int\u00e9rieures et ext\u00e9rieures Vis sans fin et roues \u00e0 vis sans fin Appareils de contr\u00f4le sur deux flancs Appareils de contr\u00f4le sur un ou deux flancs [&hellip;]<\/p>\n","protected":false},"author":2,"featured_media":0,"parent":0,"menu_order":0,"comment_status":"closed","ping_status":"closed","template":"","meta":{"_et_pb_use_builder":"on","_et_pb_old_content":"","_et_gb_content_width":"","footnotes":""},"class_list":["post-2745","page","type-page","status-publish","hentry"],"_links":{"self":[{"href":"https:\/\/mt.osterwalder-zug.ch\/fr\/wp-json\/wp\/v2\/pages\/2745","targetHints":{"allow":["GET"]}}],"collection":[{"href":"https:\/\/mt.osterwalder-zug.ch\/fr\/wp-json\/wp\/v2\/pages"}],"about":[{"href":"https:\/\/mt.osterwalder-zug.ch\/fr\/wp-json\/wp\/v2\/types\/page"}],"author":[{"embeddable":true,"href":"https:\/\/mt.osterwalder-zug.ch\/fr\/wp-json\/wp\/v2\/users\/2"}],"replies":[{"embeddable":true,"href":"https:\/\/mt.osterwalder-zug.ch\/fr\/wp-json\/wp\/v2\/comments?post=2745"}],"version-history":[{"count":2,"href":"https:\/\/mt.osterwalder-zug.ch\/fr\/wp-json\/wp\/v2\/pages\/2745\/revisions"}],"predecessor-version":[{"id":2747,"href":"https:\/\/mt.osterwalder-zug.ch\/fr\/wp-json\/wp\/v2\/pages\/2745\/revisions\/2747"}],"wp:attachment":[{"href":"https:\/\/mt.osterwalder-zug.ch\/fr\/wp-json\/wp\/v2\/media?parent=2745"}],"curies":[{"name":"wp","href":"https:\/\/api.w.org\/{rel}","templated":true}]}}

Appareils de contrôle des roues dentées

<p>[et_pb_section fb_built= »1&Prime; fullwidth= »on » custom_padding_last_edited= »on|desktop » _builder_version= »4.16&Prime; background_color= »#ffffff » custom_padding_tablet= »50px|0|50px|0&Prime; custom_padding_phone= » » transparent_background= »off » padding_mobile= »off » make_fullwidth= »off » use_custom_width= »off » width_unit= »on » global_colors_info= »{} »][et_pb_fullwidth_image src= »http://mt.osterwalder-zug.ch/wp-content/uploads/2017/06/verlauf-Horiz.png » disabled_on= »off|off| » admin_label= »Bild Verlauf  » _builder_version= »4.16&Prime; background_size= »initial » background_position= »top_left » background_repeat= »repeat » animation_style= »slide » animation_direction= »left » animation_duration= »500ms » animation_intensity_slide= »10% » animation= »left » use_border_color= »off » border_color= »#ffffff » border_style= »solid » global_colors_info= »{} »][/et_pb_fullwidth_image][/et_pb_section][et_pb_section fb_built= »1&Prime; admin_label= »section » _builder_version= »4.16&Prime; global_colors_info= »{} »][et_pb_row admin_label= »row » _builder_version= »4.16&Prime; background_size= »initial » background_position= »top_left » background_repeat= »repeat » global_colors_info= »{} »][et_pb_column type= »4_4&Prime; _builder_version= »4.16&Prime; custom_padding= »||| » global_colors_info= »{} » custom_padding__hover= »||| »][et_pb_text admin_label= »Titel » _builder_version= »4.16&Prime; background_size= »initial » background_position= »top_left » background_repeat= »repeat » use_border_color= »off » border_color= »#ffffff » border_style= »solid » global_colors_info= »{} »]</p>
<h3><strong>Appareils de contrôle sur un ou deux flancs par Geartec</strong></h3>
<p>[/et_pb_text][et_pb_text admin_label= »Beschreibung » _builder_version= »4.16&Prime; background_size= »initial » background_position= »top_left » background_repeat= »repeat » use_border_color= »off » global_colors_info= »{} »]</p>
<ul>
<li>Avec un logiciel d&rsquo;évaluation standardisé</li>
<li>Une solution pour chaque module</li>
</ul>
<p><strong>Pour les applications suivantes</strong></p>
<ul>
<li>Dentures droites</li>
<li>Dentures obliques</li>
<li>Dentures intérieures et extérieures</li>
<li>Vis sans fin et roues à vis sans fin</li>
</ul>
<p>[/et_pb_text][/et_pb_column][/et_pb_row][et_pb_row admin_label= »row » _builder_version= »4.16&Prime; background_size= »initial » background_position= »top_left » background_repeat= »repeat » global_colors_info= »{} » column_structure= »1_2,1_2&Prime;][et_pb_column type= »1_2&Prime; _builder_version= »4.16&Prime; custom_padding= »||| » global_colors_info= »{} » custom_padding__hover= »||| »][et_pb_image src= »http://mt.osterwalder-zug.ch/wp-content/uploads/2014/12/GSM-1.jpg » url= »http://mt.osterwalder-zug.ch/project/gms-32&Prime; show_bottom_space= »off » align_tablet= »center » align_last_edited= »on|desktop » admin_label= »Bild GMS32&Prime; _builder_version= »4.16&Prime; max_width= »50% » animation_style= »slide » animation_direction= »left » animation_duration= »500ms » animation_intensity_slide= »10% » use_border_color= »off » global_colors_info= »{} » align_phone= »center »][/et_pb_image][et_pb_text admin_label= »Titel » _builder_version= »4.16&Prime; background_size= »initial » background_position= »top_left » background_repeat= »repeat » use_border_color= »off » global_colors_info= »{} »]</p>
<h3>Appareils de contrôle sur deux flancs</h3>
<p>[/et_pb_text][/et_pb_column][et_pb_column type= »1_2&Prime; _builder_version= »4.16&Prime; custom_padding= »||| » global_colors_info= »{} » custom_padding__hover= »||| »][et_pb_image src= »http://mt.osterwalder-zug.ch/wp-content/uploads/2019/03/logo.png » url= »http://mt.osterwalder-zug.ch/project/geartec » align_tablet= »center » align_last_edited= »on|desktop » admin_label= »Bild Geartec » _builder_version= »4.16&Prime; custom_margin= »30px||| » animation_style= »slide » animation_direction= »left » animation_duration= »500ms » animation_intensity_slide= »10% » use_border_color= »off » global_colors_info= »{} » align_phone= »center »][/et_pb_image][et_pb_text admin_label= »Titel » _builder_version= »4.16&Prime; background_size= »initial » background_position= »top_left » background_repeat= »repeat » use_border_color= »off » global_colors_info= »{} »]</p>
<h3>Appareils de contrôle sur un ou deux flancs par Geartec</h3>
<p>[/et_pb_text][/et_pb_column][/et_pb_row][/et_pb_section]</p>

<p>Appareils de contrôle sur un ou deux flancs par Geartec Avec un logiciel d&rsquo;évaluation standardisé Une solution pour chaque module Pour les applications suivantes Dentures droites Dentures obliques Dentures intérieures et extérieures Vis sans fin et roues à vis sans fin Appareils de contrôle sur deux flancs Appareils de contrôle sur un ou deux flancs [&hellip;]</p>
