{"id":2741,"date":"2017-04-23T15:02:34","date_gmt":"2017-04-23T15:02:34","guid":{"rendered":"https:\/\/mt.osterwalder-zug.ch\/entreprise\/"},"modified":"2023-10-14T10:44:53","modified_gmt":"2023-10-14T10:44:53","slug":"entreprise","status":"publish","type":"page","link":"https:\/\/mt.osterwalder-zug.ch\/fr\/entreprise\/","title":{"rendered":"Entreprise"},"content":{"rendered":"<p>[et_pb_section fb_built=\u00a0\u00bb1&Prime; fullwidth=\u00a0\u00bbon\u00a0\u00bb custom_padding_last_edited=\u00a0\u00bbon|desktop\u00a0\u00bb _builder_version=\u00a0\u00bb4.16&Prime; background_color=\u00a0\u00bb#ffffff\u00a0\u00bb custom_padding_tablet=\u00a0\u00bb50px|0|50px|0&Prime; custom_padding_phone=\u00a0\u00bb\u00a0\u00bb transparent_background=\u00a0\u00bboff\u00a0\u00bb padding_mobile=\u00a0\u00bboff\u00a0\u00bb make_fullwidth=\u00a0\u00bboff\u00a0\u00bb use_custom_width=\u00a0\u00bboff\u00a0\u00bb width_unit=\u00a0\u00bbon\u00a0\u00bb global_colors_info=\u00a0\u00bb{}\u00a0\u00bb][et_pb_fullwidth_image src=\u00a0\u00bbhttp:\/\/mt.osterwalder-zug.ch\/wp-content\/uploads\/2017\/06\/verlauf-Horiz.png\u00a0\u00bb disabled_on=\u00a0\u00bboff|off|\u00a0\u00bb admin_label=\u00a0\u00bbBild Verlauf \u00a0\u00bb _builder_version=\u00a0\u00bb4.16&Prime; animation_style=\u00a0\u00bbslide\u00a0\u00bb animation_direction=\u00a0\u00bbleft\u00a0\u00bb animation_duration=\u00a0\u00bb500ms\u00a0\u00bb animation_intensity_slide=\u00a0\u00bb10%\u00a0\u00bb animation=\u00a0\u00bbleft\u00a0\u00bb use_border_color=\u00a0\u00bboff\u00a0\u00bb border_color=\u00a0\u00bb#ffffff\u00a0\u00bb border_style=\u00a0\u00bbsolid\u00a0\u00bb global_colors_info=\u00a0\u00bb{}\u00a0\u00bb][\/et_pb_fullwidth_image][\/et_pb_section][et_pb_section fb_built=\u00a0\u00bb1&Prime; admin_label=\u00a0\u00bbsection\u00a0\u00bb _builder_version=\u00a0\u00bb4.16&Prime; global_colors_info=\u00a0\u00bb{}\u00a0\u00bb][et_pb_row admin_label=\u00a0\u00bbrow\u00a0\u00bb _builder_version=\u00a0\u00bb4.16&Prime; background_size=\u00a0\u00bbinitial\u00a0\u00bb background_position=\u00a0\u00bbtop_left\u00a0\u00bb background_repeat=\u00a0\u00bbrepeat\u00a0\u00bb global_colors_info=\u00a0\u00bb{}\u00a0\u00bb][et_pb_column type=\u00a0\u00bb4_4&Prime; _builder_version=\u00a0\u00bb4.16&Prime; custom_padding=\u00a0\u00bb|||\u00a0\u00bb global_colors_info=\u00a0\u00bb{}\u00a0\u00bb custom_padding__hover=\u00a0\u00bb|||\u00a0\u00bb][et_pb_text _builder_version=\u00a0\u00bb4.16&Prime; background_size=\u00a0\u00bbinitial\u00a0\u00bb background_position=\u00a0\u00bbtop_left\u00a0\u00bb background_repeat=\u00a0\u00bbrepeat\u00a0\u00bb use_border_color=\u00a0\u00bboff\u00a0\u00bb global_colors_info=\u00a0\u00bb{}\u00a0\u00bb]Bienvenue \u00e0 <strong>Osterwalder Messtechnik<\/strong><\/p>\n<p>Gr\u00e2ce \u00e0 un portefeuille de produits bien s\u00e9lectionn\u00e9s, nous proposons \u00e0 nos clients des solutions individuelles et durables.<\/p>\n<p>Avec les appareils de mesure optiques des leaders du march\u00e9 <strong>VICIVISION<\/strong> et <strong>Metrios<\/strong>, ainsi que les appareils de mesure tactiles <strong>d&rsquo;ACCRETECH<\/strong>, consid\u00e9r\u00e9s comme les plus pr\u00e9cis du march\u00e9, nous sommes en mesure de fournir des appareils haut de gamme simples d&rsquo;utilisation \u00e0 des prix attractifs.<\/p>\n<p>Dans la gamme de produits Composants, nous fournissons les syst\u00e8mes robustes de mesure de longueur et d&rsquo;angle de notre partenaire de longue date et leader mondial <strong>Magnescale<\/strong>, qui sont install\u00e9s en grand nombre et de mani\u00e8re standard par des fabricants de machines renomm\u00e9s.<\/p>\n<p>Le grand savoir-faire de l&rsquo;\u00e9quipe de service et le stock de pi\u00e8ces de rechange bien \u00e9quip\u00e9 sont les garants <strong>d&rsquo;un service rapide et comp\u00e9tent<\/strong>.<\/p>\n<p>Dans le grand centre de d\u00e9monstration d&rsquo;Osterwalder Messtechnik, tous les appareils de mesure peuvent \u00eatre pr\u00e9sent\u00e9s et test\u00e9s.<br \/>\n[\/et_pb_text][\/et_pb_column][\/et_pb_row][\/et_pb_section][et_pb_section fb_built=\u00a0\u00bb1&Prime; fullwidth=\u00a0\u00bbon\u00a0\u00bb _builder_version=\u00a0\u00bb4.16&Prime; global_colors_info=\u00a0\u00bb{}\u00a0\u00bb][et_pb_fullwidth_image src=\u00a0\u00bbhttp:\/\/mt.osterwalder-zug.ch\/wp-content\/uploads\/2017\/04\/Geb\u00e4ude-Osterwalder-f\u00fcr-Vorlage.jpg\u00a0\u00bb _builder_version=\u00a0\u00bb4.16&Prime; animation_style=\u00a0\u00bbslide\u00a0\u00bb animation_direction=\u00a0\u00bbleft\u00a0\u00bb animation_duration=\u00a0\u00bb500ms\u00a0\u00bb animation_intensity_slide=\u00a0\u00bb10%\u00a0\u00bb animation=\u00a0\u00bbleft\u00a0\u00bb use_border_color=\u00a0\u00bboff\u00a0\u00bb border_color=\u00a0\u00bb#ffffff\u00a0\u00bb border_style=\u00a0\u00bbsolid\u00a0\u00bb global_colors_info=\u00a0\u00bb{}\u00a0\u00bb][\/et_pb_fullwidth_image][\/et_pb_section][et_pb_section fb_built=\u00a0\u00bb1&Prime; _builder_version=\u00a0\u00bb4.16&Prime; global_colors_info=\u00a0\u00bb{}\u00a0\u00bb][et_pb_row column_structure=\u00a0\u00bb1_2,1_2&Prime; _builder_version=\u00a0\u00bb4.16&Prime; background_size=\u00a0\u00bbinitial\u00a0\u00bb background_position=\u00a0\u00bbtop_left\u00a0\u00bb background_repeat=\u00a0\u00bbrepeat\u00a0\u00bb global_colors_info=\u00a0\u00bb{}\u00a0\u00bb][et_pb_column type=\u00a0\u00bb1_2&Prime; _builder_version=\u00a0\u00bb4.16&Prime; custom_padding=\u00a0\u00bb|||\u00a0\u00bb global_colors_info=\u00a0\u00bb{}\u00a0\u00bb custom_padding__hover=\u00a0\u00bb|||\u00a0\u00bb][et_pb_image src=\u00a0\u00bbhttp:\/\/mt.osterwalder-zug.ch\/wp-content\/uploads\/2017\/04\/Messraum-N.jpg\u00a0\u00bb align_tablet=\u00a0\u00bbcenter\u00a0\u00bb align_phone=\u00a0\u00bbcenter\u00a0\u00bb align_last_edited=\u00a0\u00bbon|desktop\u00a0\u00bb _builder_version=\u00a0\u00bb4.16&Prime; always_center_on_mobile=\u00a0\u00bbon\u00a0\u00bb global_colors_info=\u00a0\u00bb{}\u00a0\u00bb][\/et_pb_image][et_pb_text _builder_version=\u00a0\u00bb4.16&Prime; global_colors_info=\u00a0\u00bb{}\u00a0\u00bb]<\/p>\n<h2 style=\"text-align: center;\">Centre de d\u00e9monstration aujourd&rsquo;hui**<\/h2>\n<p>[\/et_pb_text][\/et_pb_column][et_pb_column type=\u00a0\u00bb1_2&Prime; _builder_version=\u00a0\u00bb4.16&Prime; custom_padding=\u00a0\u00bb|||\u00a0\u00bb global_colors_info=\u00a0\u00bb{}\u00a0\u00bb custom_padding__hover=\u00a0\u00bb|||\u00a0\u00bb][et_pb_image src=\u00a0\u00bbhttp:\/\/mt.osterwalder-zug.ch\/wp-content\/uploads\/2017\/04\/Altes-Geb\u00e4ude.jpg\u00a0\u00bb align_tablet=\u00a0\u00bbcenter\u00a0\u00bb align_phone=\u00a0\u00bbcenter\u00a0\u00bb align_last_edited=\u00a0\u00bbon|desktop\u00a0\u00bb _builder_version=\u00a0\u00bb4.16&Prime; always_center_on_mobile=\u00a0\u00bbon\u00a0\u00bb global_colors_info=\u00a0\u00bb{}\u00a0\u00bb][\/et_pb_image][et_pb_text _builder_version=\u00a0\u00bb4.16&Prime; global_colors_info=\u00a0\u00bb{}\u00a0\u00bb]<\/p>\n<h2 style=\"text-align: center;\">Osterwalder en 1973<\/h2>\n<p>[\/et_pb_text][\/et_pb_column][\/et_pb_row][\/et_pb_section]<\/p>\n","protected":false},"excerpt":{"rendered":"<p>Bienvenue \u00e0 Osterwalder Messtechnik Gr\u00e2ce \u00e0 un portefeuille de produits bien s\u00e9lectionn\u00e9s, nous proposons \u00e0 nos clients des solutions individuelles et durables. Avec les appareils de mesure optiques des leaders du march\u00e9 VICIVISION et Metrios, ainsi que les appareils de mesure tactiles d&rsquo;ACCRETECH, consid\u00e9r\u00e9s comme les plus pr\u00e9cis du march\u00e9, nous sommes en mesure de [&hellip;]<\/p>\n","protected":false},"author":2,"featured_media":0,"parent":0,"menu_order":0,"comment_status":"closed","ping_status":"closed","template":"","meta":{"_et_pb_use_builder":"on","_et_pb_old_content":"","_et_gb_content_width":"","footnotes":""},"class_list":["post-2741","page","type-page","status-publish","hentry"],"_links":{"self":[{"href":"https:\/\/mt.osterwalder-zug.ch\/fr\/wp-json\/wp\/v2\/pages\/2741","targetHints":{"allow":["GET"]}}],"collection":[{"href":"https:\/\/mt.osterwalder-zug.ch\/fr\/wp-json\/wp\/v2\/pages"}],"about":[{"href":"https:\/\/mt.osterwalder-zug.ch\/fr\/wp-json\/wp\/v2\/types\/page"}],"author":[{"embeddable":true,"href":"https:\/\/mt.osterwalder-zug.ch\/fr\/wp-json\/wp\/v2\/users\/2"}],"replies":[{"embeddable":true,"href":"https:\/\/mt.osterwalder-zug.ch\/fr\/wp-json\/wp\/v2\/comments?post=2741"}],"version-history":[{"count":2,"href":"https:\/\/mt.osterwalder-zug.ch\/fr\/wp-json\/wp\/v2\/pages\/2741\/revisions"}],"predecessor-version":[{"id":2743,"href":"https:\/\/mt.osterwalder-zug.ch\/fr\/wp-json\/wp\/v2\/pages\/2741\/revisions\/2743"}],"wp:attachment":[{"href":"https:\/\/mt.osterwalder-zug.ch\/fr\/wp-json\/wp\/v2\/media?parent=2741"}],"curies":[{"name":"wp","href":"https:\/\/api.w.org\/{rel}","templated":true}]}}

<p>[et_pb_section fb_built= »1&Prime; fullwidth= »on » custom_padding_last_edited= »on|desktop » _builder_version= »4.16&Prime; background_color= »#ffffff » custom_padding_tablet= »50px|0|50px|0&Prime; custom_padding_phone= » » transparent_background= »off » padding_mobile= »off » make_fullwidth= »off » use_custom_width= »off » width_unit= »on » global_colors_info= »{} »][et_pb_fullwidth_image src= »http://mt.osterwalder-zug.ch/wp-content/uploads/2017/06/verlauf-Horiz.png » disabled_on= »off|off| » admin_label= »Bild Verlauf  » _builder_version= »4.16&Prime; animation_style= »slide » animation_direction= »left » animation_duration= »500ms » animation_intensity_slide= »10% » animation= »left » use_border_color= »off » border_color= »#ffffff » border_style= »solid » global_colors_info= »{} »][/et_pb_fullwidth_image][/et_pb_section][et_pb_section fb_built= »1&Prime; admin_label= »section » _builder_version= »4.16&Prime; global_colors_info= »{} »][et_pb_row admin_label= »row » _builder_version= »4.16&Prime; background_size= »initial » background_position= »top_left » background_repeat= »repeat » global_colors_info= »{} »][et_pb_column type= »4_4&Prime; _builder_version= »4.16&Prime; custom_padding= »||| » global_colors_info= »{} » custom_padding__hover= »||| »][et_pb_text _builder_version= »4.16&Prime; background_size= »initial » background_position= »top_left » background_repeat= »repeat » use_border_color= »off » global_colors_info= »{} »]Bienvenue à <strong>Osterwalder Messtechnik</strong></p>
<p>Grâce à un portefeuille de produits bien sélectionnés, nous proposons à nos clients des solutions individuelles et durables.</p>
<p>Avec les appareils de mesure optiques des leaders du marché <strong>VICIVISION</strong> et <strong>Metrios</strong>, ainsi que les appareils de mesure tactiles <strong>d&rsquo;ACCRETECH</strong>, considérés comme les plus précis du marché, nous sommes en mesure de fournir des appareils haut de gamme simples d&rsquo;utilisation à des prix attractifs.</p>
<p>Dans la gamme de produits Composants, nous fournissons les systèmes robustes de mesure de longueur et d&rsquo;angle de notre partenaire de longue date et leader mondial <strong>Magnescale</strong>, qui sont installés en grand nombre et de manière standard par des fabricants de machines renommés.</p>
<p>Le grand savoir-faire de l&rsquo;équipe de service et le stock de pièces de rechange bien équipé sont les garants <strong>d&rsquo;un service rapide et compétent</strong>.</p>
<p>Dans le grand centre de démonstration d&rsquo;Osterwalder Messtechnik, tous les appareils de mesure peuvent être présentés et testés.<br />
[/et_pb_text][/et_pb_column][/et_pb_row][/et_pb_section][et_pb_section fb_built= »1&Prime; fullwidth= »on » _builder_version= »4.16&Prime; global_colors_info= »{} »][et_pb_fullwidth_image src= »http://mt.osterwalder-zug.ch/wp-content/uploads/2017/04/Gebäude-Osterwalder-für-Vorlage.jpg » _builder_version= »4.16&Prime; animation_style= »slide » animation_direction= »left » animation_duration= »500ms » animation_intensity_slide= »10% » animation= »left » use_border_color= »off » border_color= »#ffffff » border_style= »solid » global_colors_info= »{} »][/et_pb_fullwidth_image][/et_pb_section][et_pb_section fb_built= »1&Prime; _builder_version= »4.16&Prime; global_colors_info= »{} »][et_pb_row column_structure= »1_2,1_2&Prime; _builder_version= »4.16&Prime; background_size= »initial » background_position= »top_left » background_repeat= »repeat » global_colors_info= »{} »][et_pb_column type= »1_2&Prime; _builder_version= »4.16&Prime; custom_padding= »||| » global_colors_info= »{} » custom_padding__hover= »||| »][et_pb_image src= »http://mt.osterwalder-zug.ch/wp-content/uploads/2017/04/Messraum-N.jpg » align_tablet= »center » align_phone= »center » align_last_edited= »on|desktop » _builder_version= »4.16&Prime; always_center_on_mobile= »on » global_colors_info= »{} »][/et_pb_image][et_pb_text _builder_version= »4.16&Prime; global_colors_info= »{} »]</p>
<h2 style="text-align: center;">Centre de démonstration aujourd&rsquo;hui**</h2>
<p>[/et_pb_text][/et_pb_column][et_pb_column type= »1_2&Prime; _builder_version= »4.16&Prime; custom_padding= »||| » global_colors_info= »{} » custom_padding__hover= »||| »][et_pb_image src= »http://mt.osterwalder-zug.ch/wp-content/uploads/2017/04/Altes-Gebäude.jpg » align_tablet= »center » align_phone= »center » align_last_edited= »on|desktop » _builder_version= »4.16&Prime; always_center_on_mobile= »on » global_colors_info= »{} »][/et_pb_image][et_pb_text _builder_version= »4.16&Prime; global_colors_info= »{} »]</p>
<h2 style="text-align: center;">Osterwalder en 1973</h2>
<p>[/et_pb_text][/et_pb_column][/et_pb_row][/et_pb_section]</p>

<p>Bienvenue à Osterwalder Messtechnik Grâce à un portefeuille de produits bien sélectionnés, nous proposons à nos clients des solutions individuelles et durables. Avec les appareils de mesure optiques des leaders du marché VICIVISION et Metrios, ainsi que les appareils de mesure tactiles d&rsquo;ACCRETECH, considérés comme les plus précis du marché, nous sommes en mesure de [&hellip;]</p>
